Last updated on 2025-04-29 12:52:53 CEST.
Flavor | Version | Tinstall | Tcheck | Ttotal | Status | Flags |
---|---|---|---|---|---|---|
r-devel-linux-x86_64-debian-clang | 1.1 | 1.80 | 22.27 | 24.07 | NOTE | |
r-devel-linux-x86_64-debian-gcc | 1.1 | 1.51 | 17.74 | 19.25 | NOTE | |
r-devel-linux-x86_64-fedora-clang | 1.1 | 36.42 | OK | |||
r-devel-linux-x86_64-fedora-gcc | 1.1 | 35.18 | OK | |||
r-devel-windows-x86_64 | 1.1 | 3.00 | 47.00 | 50.00 | OK | |
r-patched-linux-x86_64 | 1.1 | 1.85 | 21.07 | 22.92 | OK | |
r-release-linux-x86_64 | 1.1 | 1.63 | 21.10 | 22.73 | OK | |
r-release-macos-arm64 | 1.1 | 17.00 | OK | |||
r-release-macos-x86_64 | 1.1 | 30.00 | OK | |||
r-release-windows-x86_64 | 1.1 | 3.00 | 50.00 | 53.00 | OK | |
r-oldrel-macos-arm64 | 1.1 | 17.00 | OK | |||
r-oldrel-macos-x86_64 | 1.1 | 28.00 | OK | |||
r-oldrel-windows-x86_64 | 1.1 | 3.00 | 46.00 | 49.00 | OK |
Version: 1.1
Check: CRAN incoming feasibility
Result: NOTE
Maintainer: ‘Csaba Farago <farago@inf.u-szeged.hu>’
No Authors@R field in DESCRIPTION.
Please add one, modifying
Authors@R: person(given = "Csaba",
family = "Farago",
role = c("aut", "cre"),
email = "farago@inf.u-szeged.hu")
as necessary.
Flavors: r-devel-linux-x86_64-debian-clang, r-devel-linux-x86_64-debian-gcc