Last updated on 2023-09-22 12:56:43 CEST.
Flavor | Version | Tinstall | Tcheck | Ttotal | Status | Flags |
---|---|---|---|---|---|---|
r-devel-linux-x86_64-debian-clang | 0.2.3 | 18.68 | 104.85 | 123.53 | OK | |
r-devel-linux-x86_64-debian-gcc | 0.2.3 | 13.17 | 77.06 | 90.23 | OK | |
r-devel-linux-x86_64-fedora-clang | 0.2.3 | 145.07 | NOTE | |||
r-devel-linux-x86_64-fedora-gcc | 0.2.3 | 150.79 | NOTE | |||
r-devel-windows-x86_64 | 0.2.3 | 20.00 | 101.00 | 121.00 | NOTE | |
r-patched-linux-x86_64 | 0.2.3 | 22.67 | 96.22 | 118.89 | OK | |
r-release-linux-x86_64 | 0.2.3 | 11.02 | 98.08 | 109.10 | OK | |
r-release-macos-arm64 | 0.2.3 | 52.00 | NOTE | |||
r-release-macos-x86_64 | 0.2.3 | 85.00 | NOTE | |||
r-release-windows-x86_64 | 0.2.3 | 25.00 | 119.00 | 144.00 | NOTE | |
r-oldrel-macos-arm64 | 0.2.3 | 48.00 | NOTE | |||
r-oldrel-macos-x86_64 | 0.2.3 | 68.00 | NOTE | |||
r-oldrel-windows-x86_64 | 0.2.3 | 26.00 | 111.00 | 137.00 | NOTE |
Version: 0.2.3
Check: installed package size
Result: NOTE
installed size is 9.9Mb
sub-directories of 1Mb or more:
extdata 8.6Mb
Flavors: r-devel-linux-x86_64-fedora-clang, r-devel-windows-x86_64, r-release-macos-arm64, r-release-macos-x86_64, r-release-windows-x86_64, r-oldrel-macos-arm64, r-oldrel-macos-x86_64, r-oldrel-windows-x86_64
Version: 0.2.3
Check: dependencies in R code
Result: NOTE
Namespace in Imports field not imported from: ‘usethis’
All declared Imports should be used.
Flavors: r-devel-linux-x86_64-fedora-clang, r-devel-linux-x86_64-fedora-gcc, r-oldrel-macos-arm64, r-oldrel-macos-x86_64