CRAN Package Check Results for Package vov

Last updated on 2022-07-02 12:53:18 CEST.

Flavor Version Tinstall Tcheck Ttotal Status Flags
r-devel-linux-x86_64-debian-clang 0.1.2 3.48 29.21 32.69 NOTE
r-devel-linux-x86_64-debian-gcc 0.1.2 2.66 23.08 25.74 NOTE
r-devel-linux-x86_64-fedora-clang 0.1.2 50.77 NOTE
r-devel-linux-x86_64-fedora-gcc 0.1.2 50.51 NOTE
r-devel-windows-x86_64 0.1.2 19.00 62.00 81.00 NOTE
r-patched-linux-x86_64 0.1.2 3.82 28.67 32.49 NOTE
r-release-linux-x86_64 0.1.2 3.49 28.89 32.38 NOTE
r-release-macos-arm64 0.1.2 18.00 NOTE
r-release-macos-x86_64 0.1.2 32.00 NOTE
r-release-windows-x86_64 0.1.2 30.00 73.00 103.00 NOTE
r-oldrel-macos-arm64 0.1.2 23.00 NOTE
r-oldrel-macos-x86_64 0.1.2 27.00 NOTE
r-oldrel-windows-ix86+x86_64 0.1.2 8.00 52.00 60.00 NOTE

Check Details

Version: 0.1.2
Check: LazyData
Result: NOTE
     'LazyData' is specified without a 'data' directory
Flavors: r-devel-linux-x86_64-debian-clang, r-devel-linux-x86_64-debian-gcc, r-devel-linux-x86_64-fedora-clang, r-devel-linux-x86_64-fedora-gcc, r-devel-windows-x86_64, r-patched-linux-x86_64, r-release-linux-x86_64, r-release-macos-arm64, r-release-macos-x86_64, r-release-windows-x86_64, r-oldrel-macos-arm64, r-oldrel-macos-x86_64, r-oldrel-windows-ix86+x86_64