Last updated on 2024-05-01 12:14:43 CEST.
Flavor | Version | Tinstall | Tcheck | Ttotal | Status | Flags |
---|---|---|---|---|---|---|
r-devel-linux-x86_64-debian-clang | 0.1.1 | 7.62 | 78.35 | 85.97 | NOTE | |
r-devel-linux-x86_64-debian-gcc | 0.1.1 | 7.15 | 58.03 | 65.18 | NOTE | |
r-devel-linux-x86_64-fedora-clang | 0.1.1 | 111.40 | NOTE | |||
r-devel-linux-x86_64-fedora-gcc | 0.1.1 | 103.35 | NOTE | |||
r-devel-windows-x86_64 | 0.1.1 | 8.00 | 77.00 | 85.00 | NOTE | |
r-patched-linux-x86_64 | 0.1.1 | 10.58 | 76.65 | 87.23 | NOTE | |
r-release-linux-x86_64 | 0.1.1 | 8.29 | 75.14 | 83.43 | NOTE | |
r-release-macos-arm64 | 0.1.1 | 30.00 | NOTE | |||
r-release-windows-x86_64 | 0.1.1 | 8.00 | 75.00 | 83.00 | NOTE | |
r-oldrel-macos-arm64 | 0.1.1 | 36.00 | NOTE | |||
r-oldrel-macos-x86_64 | 0.1.1 | 55.00 | NOTE | |||
r-oldrel-windows-x86_64 | 0.1.1 | 8.00 | 88.00 | 96.00 | NOTE |
Version: 0.1.1
Check: LazyData
Result: NOTE
'LazyData' is specified without a 'data' directory
Flavors: r-devel-linux-x86_64-debian-clang, r-devel-linux-x86_64-debian-gcc, r-devel-linux-x86_64-fedora-clang, r-devel-linux-x86_64-fedora-gcc, r-devel-windows-x86_64, r-patched-linux-x86_64, r-release-linux-x86_64, r-release-macos-arm64, r-release-windows-x86_64, r-oldrel-macos-arm64, r-oldrel-macos-x86_64, r-oldrel-windows-x86_64