Last updated on 2025-04-29 12:52:53 CEST.
Flavor | Version | Tinstall | Tcheck | Ttotal | Status | Flags |
---|---|---|---|---|---|---|
r-devel-linux-x86_64-debian-clang | 1.0.5 | 2.28 | 19.86 | 22.14 | NOTE | |
r-devel-linux-x86_64-debian-gcc | 1.0.5 | 1.78 | 16.43 | 18.21 | NOTE | |
r-devel-linux-x86_64-fedora-clang | 1.0.5 | 32.90 | NOTE | |||
r-devel-linux-x86_64-fedora-gcc | 1.0.5 | 31.18 | NOTE | |||
r-devel-windows-x86_64 | 1.0.5 | 5.00 | 40.00 | 45.00 | NOTE | |
r-patched-linux-x86_64 | 1.0.5 | 2.13 | 18.28 | 20.41 | NOTE | |
r-release-linux-x86_64 | 1.0.5 | 2.26 | 18.19 | 20.45 | NOTE | |
r-release-macos-arm64 | 1.0.5 | 18.00 | NOTE | |||
r-release-macos-x86_64 | 1.0.5 | 38.00 | NOTE | |||
r-release-windows-x86_64 | 1.0.5 | 4.00 | 43.00 | 47.00 | NOTE | |
r-oldrel-macos-arm64 | 1.0.5 | 16.00 | NOTE | |||
r-oldrel-macos-x86_64 | 1.0.5 | 34.00 | NOTE | |||
r-oldrel-windows-x86_64 | 1.0.5 | 4.00 | 40.00 | 44.00 | NOTE |
Version: 1.0.5
Check: CRAN incoming feasibility
Result: NOTE
Maintainer: ‘Carlo Pacioni <C.Pacioni@Murdoch.edu.au>’
Package CITATION file contains call(s) to old-style personList() or
as.personList(). Please use c() on person objects instead.
Package CITATION file contains call(s) to old-style citEntry(). Please
use bibentry() instead.
Found the following URLs which should use \doi (with the DOI name only):
File ‘campbell.Rd’:
https://dx.doi.org/10.1080/14486563.2015.1028486
File ‘pac.clas.Nadults.Rd’:
https://doi.org/10.1071/PC17002
File ‘pac.clas.Ne.Rd’:
https://doi.org/10.1071/PC17002
File ‘pac.clas.Rd’:
https://doi.org/10.1071/PC17002
File ‘pac.clas.lookup.Rd’:
https://doi.org/10.1071/PC17002
File ‘pac.clas.pairw.Rd’:
https://doi.org/10.1071/PC17002
File ‘pac.lhs.Rd’:
https://doi.org/10.1071/PC17002
File ‘pac.run.lhs.Rd’:
https://doi.org/10.1071/PC17002
File ‘pac.yr.Rd’:
https://doi.org/10.1071/PC17002
File ‘pacioni.Rd’:
https://doi.org/10.1071/PC17002
File ‘sta.evy5.Rd’:
https://dx.doi.org/10.1080/14486563.2015.1028486
File ‘sta.evy5.b11.Rd’:
https://dx.doi.org/10.1080/14486563.2015.1028486
File ‘sta.main.Rd’:
https://dx.doi.org/10.1080/14486563.2015.1028486
File ‘vortexRdata.Rd’:
https://dx.doi.org/10.1080/14486563.2015.1028486
https://doi.org/10.1071/PC17002
Flavors: r-devel-linux-x86_64-debian-clang, r-devel-linux-x86_64-debian-gcc
Version: 1.0.5
Check: package subdirectories
Result: NOTE
Problems with news in ‘NEWS.md’:
Cannot extract version info from the following section titles:
vortexRdata pre-1.0.3
Flavors: r-devel-linux-x86_64-debian-clang, r-devel-linux-x86_64-debian-gcc, r-devel-linux-x86_64-fedora-clang, r-devel-linux-x86_64-fedora-gcc, r-devel-windows-x86_64, r-patched-linux-x86_64, r-release-linux-x86_64, r-release-macos-arm64, r-release-macos-x86_64, r-release-windows-x86_64, r-oldrel-macos-arm64, r-oldrel-macos-x86_64, r-oldrel-windows-x86_64