Last updated on 2022-06-29 11:52:25 CEST.
Flavor | Version | Tinstall | Tcheck | Ttotal | Status | Flags |
---|---|---|---|---|---|---|
r-devel-linux-x86_64-debian-clang | 1.1.2-2 | 586.19 | 66.19 | 652.38 | OK | |
r-devel-linux-x86_64-debian-gcc | 1.1.2-2 | 514.38 | 67.38 | 581.76 | OK | |
r-devel-linux-x86_64-fedora-clang | 1.1.2-2 | 971.20 | NOTE | |||
r-devel-linux-x86_64-fedora-gcc | 1.1.2-2 | 936.44 | OK | |||
r-devel-windows-x86_64 | 1.1.2-2 | 472.00 | 149.00 | 621.00 | OK | |
r-patched-linux-x86_64 | 1.1.2-2 | 527.26 | 86.39 | 613.65 | OK | |
r-release-linux-x86_64 | 1.1.2-2 | 533.07 | 86.21 | 619.28 | OK | |
r-release-macos-arm64 | 1.1.2-2 | 224.00 | NOTE | |||
r-release-macos-x86_64 | 1.1.2-2 | 297.00 | NOTE | |||
r-release-windows-x86_64 | 1.1.2-2 | 478.00 | 148.00 | 626.00 | OK | |
r-oldrel-macos-arm64 | 1.1.2-2 | 253.00 | NOTE | |||
r-oldrel-macos-x86_64 | 1.1.2-2 | 277.00 | NOTE | |||
r-oldrel-windows-ix86+x86_64 | 1.1.2-2 | 1298.00 | 204.00 | 1502.00 | NOTE |
Version: 1.1.2-2
Check: installed package size
Result: NOTE
installed size is 63.8Mb
sub-directories of 1Mb or more:
libs 63.4Mb
Flavors: r-devel-linux-x86_64-fedora-clang, r-release-macos-arm64, r-release-macos-x86_64, r-oldrel-macos-arm64, r-oldrel-macos-x86_64, r-oldrel-windows-ix86+x86_64