Last updated on 2022-06-29 11:52:25 CEST.
Flavor | Version | Tinstall | Tcheck | Ttotal | Status | Flags |
---|---|---|---|---|---|---|
r-devel-linux-x86_64-debian-clang | 0.2.2 | 138.13 | 66.59 | 204.72 | OK | |
r-devel-linux-x86_64-debian-gcc | 0.2.2 | 113.34 | 50.48 | 163.82 | OK | |
r-devel-linux-x86_64-fedora-clang | 0.2.2 | 318.88 | OK | |||
r-devel-linux-x86_64-fedora-gcc | 0.2.2 | 280.05 | OK | |||
r-devel-windows-x86_64 | 0.2.2 | 126.00 | 117.00 | 243.00 | OK | |
r-patched-linux-x86_64 | 0.2.2 | 123.00 | 64.16 | 187.16 | OK | |
r-release-linux-x86_64 | 0.2.2 | 100.35 | 63.64 | 163.99 | OK | |
r-release-macos-arm64 | 0.2.2 | 67.00 | NOTE | |||
r-release-macos-x86_64 | 0.2.2 | 111.00 | NOTE | |||
r-release-windows-x86_64 | 0.2.2 | 143.00 | 111.00 | 254.00 | OK | |
r-oldrel-macos-arm64 | 0.2.2 | 70.00 | NOTE | |||
r-oldrel-macos-x86_64 | 0.2.2 | 115.00 | OK | |||
r-oldrel-windows-ix86+x86_64 | 0.2.2 | 354.00 | 134.00 | 488.00 | OK |
Version: 0.2.2
Check: installed package size
Result: NOTE
installed size is 5.0Mb
sub-directories of 1Mb or more:
libs 4.5Mb
Flavors: r-release-macos-arm64, r-release-macos-x86_64, r-oldrel-macos-arm64