Last updated on 2024-03-29 09:55:40 CET.
Flavor | Version | Tinstall | Tcheck | Ttotal | Status | Flags |
---|---|---|---|---|---|---|
r-devel-linux-x86_64-debian-clang | 0.2.1 | 6.03 | 90.31 | 96.34 | NOTE | |
r-devel-linux-x86_64-debian-gcc | 0.2.1 | 4.08 | 70.39 | 74.47 | NOTE | |
r-devel-linux-x86_64-fedora-clang | 0.2.1 | 121.05 | NOTE | |||
r-devel-linux-x86_64-fedora-gcc | 0.2.1 | 132.42 | NOTE | |||
r-devel-windows-x86_64 | 0.2.1 | 6.00 | 91.00 | 97.00 | NOTE | |
r-patched-linux-x86_64 | 0.2.1 | 3.42 | 89.64 | 93.06 | NOTE | |
r-release-linux-x86_64 | 0.2.1 | 3.82 | 87.24 | 91.06 | NOTE | |
r-release-macos-arm64 | 0.2.1 | 63.00 | NOTE | |||
r-release-macos-x86_64 | 0.2.1 | 81.00 | NOTE | |||
r-release-windows-x86_64 | 0.2.1 | 8.00 | 99.00 | 107.00 | NOTE | |
r-oldrel-macos-arm64 | 0.2.1 | 61.00 | NOTE | |||
r-oldrel-windows-x86_64 | 0.2.1 | 8.00 | 105.00 | 113.00 | NOTE |
Version: 0.2.1
Check: LazyData
Result: NOTE
'LazyData' is specified without a 'data' directory
Flavors: r-devel-linux-x86_64-debian-clang, r-devel-linux-x86_64-debian-gcc, r-devel-linux-x86_64-fedora-clang, r-devel-linux-x86_64-fedora-gcc, r-devel-windows-x86_64, r-patched-linux-x86_64, r-release-linux-x86_64, r-release-macos-arm64, r-release-macos-x86_64, r-release-windows-x86_64, r-oldrel-macos-arm64, r-oldrel-windows-x86_64