CRAN Package Check Results for Package vivid

Last updated on 2022-07-04 12:54:25 CEST.

Flavor Version Tinstall Tcheck Ttotal Status Flags
r-devel-linux-x86_64-debian-clang 0.2.3 9.90 257.31 267.21 OK
r-devel-linux-x86_64-debian-gcc 0.2.3 8.50 188.17 196.67 OK
r-devel-linux-x86_64-fedora-clang 0.2.3 260.79 NOTE
r-devel-linux-x86_64-fedora-gcc 0.2.3 312.01 NOTE
r-devel-windows-x86_64 0.2.3 21.00 286.00 307.00 OK
r-patched-linux-x86_64 0.2.3 9.76 239.37 249.13 OK
r-release-linux-x86_64 0.2.3 7.83 245.73 253.56 OK
r-release-macos-arm64 0.2.3 125.00 NOTE
r-release-macos-x86_64 0.2.3 213.00 NOTE
r-release-windows-x86_64 0.2.3 23.00 277.00 300.00 OK
r-oldrel-macos-arm64 0.2.3 318.00 NOTE
r-oldrel-macos-x86_64 0.2.3 161.00 NOTE
r-oldrel-windows-ix86+x86_64 0.2.3 25.00 271.00 296.00 OK

Check Details

Version: 0.2.3
Check: dependencies in R code
Result: NOTE
    Namespaces in Imports field not imported from:
     ‘RColorBrewer’ ‘colorspace’ ‘tidyr’
     All declared Imports should be used.
Flavors: r-devel-linux-x86_64-fedora-clang, r-devel-linux-x86_64-fedora-gcc, r-release-macos-arm64, r-release-macos-x86_64, r-oldrel-macos-arm64, r-oldrel-macos-x86_64

Version: 0.2.3
Check: package dependencies
Result: NOTE
    Package suggested but not available for checking: ‘zenplots’
Flavor: r-release-macos-arm64