Last updated on 2024-04-24 11:21:10 CEST.
Flavor | Version | Tinstall | Tcheck | Ttotal | Status | Flags |
---|---|---|---|---|---|---|
r-devel-linux-x86_64-debian-clang | 1.0.1 | 4.35 | 119.71 | 124.06 | OK | |
r-devel-linux-x86_64-debian-gcc | 1.0.1 | 2.90 | 89.24 | 92.14 | OK | |
r-devel-linux-x86_64-fedora-clang | 1.0.1 | 160.30 | NOTE | |||
r-devel-linux-x86_64-fedora-gcc | 1.0.1 | 164.26 | OK | |||
r-devel-windows-x86_64 | 1.0.1 | 5.00 | 96.00 | 101.00 | NOTE | |
r-patched-linux-x86_64 | 1.0.1 | 4.33 | 117.06 | 121.39 | OK | |
r-release-linux-x86_64 | 1.0.1 | 2.94 | 114.34 | 117.28 | OK | |
r-release-macos-arm64 | 1.0.1 | 53.00 | NOTE | |||
r-release-windows-x86_64 | 1.0.1 | 6.00 | 96.00 | 102.00 | NOTE | |
r-oldrel-macos-arm64 | 1.0.1 | 44.00 | NOTE | |||
r-oldrel-macos-x86_64 | 1.0.1 | 76.00 | NOTE | |||
r-oldrel-windows-x86_64 | 1.0.1 | 7.00 | 116.00 | 123.00 | NOTE |
Version: 1.0.1
Check: installed package size
Result: NOTE
installed size is 6.8Mb
sub-directories of 1Mb or more:
doc 5.4Mb
extdata 1.1Mb
Flavors: r-devel-linux-x86_64-fedora-clang, r-devel-windows-x86_64, r-release-macos-arm64, r-release-windows-x86_64, r-oldrel-macos-arm64, r-oldrel-macos-x86_64, r-oldrel-windows-x86_64