CRAN Package Check Results for Package vita

Last updated on 2022-07-07 12:55:38 CEST.

Flavor Version Tinstall Tcheck Ttotal Status Flags
r-devel-linux-x86_64-debian-clang 1.0.0 33.27 45.26 78.53 NOTE
r-devel-linux-x86_64-debian-gcc 1.0.0 23.90 35.14 59.04 NOTE
r-devel-linux-x86_64-fedora-clang 1.0.0 117.41 NOTE
r-devel-linux-x86_64-fedora-gcc 1.0.0 104.05 NOTE
r-devel-windows-x86_64 1.0.0 32.00 86.00 118.00 NOTE
r-patched-linux-x86_64 1.0.0 25.03 43.05 68.08 NOTE
r-release-linux-x86_64 1.0.0 27.44 41.94 69.38 NOTE
r-release-macos-arm64 1.0.0 31.00 NOTE
r-release-macos-x86_64 1.0.0 42.00 NOTE
r-release-windows-x86_64 1.0.0 32.00 91.00 123.00 NOTE
r-oldrel-macos-arm64 1.0.0 38.00 NOTE
r-oldrel-macos-x86_64 1.0.0 62.00 NOTE
r-oldrel-windows-ix86+x86_64 1.0.0 74.00 108.00 182.00 NOTE

Check Details

Version: 1.0.0
Check: LazyData
Result: NOTE
     'LazyData' is specified without a 'data' directory
Flavors: r-devel-linux-x86_64-debian-clang, r-devel-linux-x86_64-debian-gcc, r-devel-linux-x86_64-fedora-clang, r-devel-linux-x86_64-fedora-gcc, r-devel-windows-x86_64, r-patched-linux-x86_64, r-release-linux-x86_64, r-release-macos-arm64, r-release-macos-x86_64, r-release-windows-x86_64, r-oldrel-macos-arm64, r-oldrel-macos-x86_64, r-oldrel-windows-ix86+x86_64

Version: 1.0.0
Check: compiled code
Result: NOTE
    File ‘vita/libs/vita.so’:
     Found no calls to: ‘R_registerRoutines’, ‘R_useDynamicSymbols’
    
    It is good practice to register native routines and to disable symbol
    search.
    
    See ‘Writing portable packages’ in the ‘Writing R Extensions’ manual.
Flavors: r-devel-linux-x86_64-fedora-clang, r-devel-linux-x86_64-fedora-gcc