Last updated on 2025-01-19 11:49:21 CET.
Flavor | Version | Tinstall | Tcheck | Ttotal | Status | Flags |
---|---|---|---|---|---|---|
r-devel-linux-x86_64-debian-clang | 1.0.5 | 21.21 | 94.77 | 115.98 | OK | |
r-devel-linux-x86_64-debian-gcc | 1.0.7 | 14.96 | 63.97 | 78.93 | OK | |
r-devel-linux-x86_64-fedora-clang | 1.0.7 | 178.81 | OK | |||
r-devel-linux-x86_64-fedora-gcc | 1.0.7 | 166.72 | OK | |||
r-devel-windows-x86_64 | 1.0.7 | 25.00 | 183.00 | 208.00 | OK | |
r-patched-linux-x86_64 | 1.0.5 | 20.30 | 87.25 | 107.55 | OK | |
r-release-linux-x86_64 | 1.0.7 | 19.21 | 86.73 | 105.94 | OK | |
r-release-macos-arm64 | 1.0.5 | 44.00 | NOTE | |||
r-release-macos-x86_64 | 1.0.5 | 96.00 | NOTE | |||
r-release-windows-x86_64 | 1.0.5 | 26.00 | 108.00 | 134.00 | NOTE | |
r-oldrel-macos-arm64 | 1.0.5 | 61.00 | NOTE | |||
r-oldrel-macos-x86_64 | 1.0.5 | 99.00 | NOTE | |||
r-oldrel-windows-x86_64 | 1.0.7 | 27.00 | 113.00 | 140.00 | NOTE |
Version: 1.0.5
Check: installed package size
Result: NOTE
installed size is 6.4Mb
sub-directories of 1Mb or more:
data 6.1Mb
Flavors: r-release-macos-arm64, r-release-macos-x86_64, r-release-windows-x86_64, r-oldrel-macos-arm64, r-oldrel-macos-x86_64
Version: 1.0.7
Check: installed package size
Result: NOTE
installed size is 6.1Mb
sub-directories of 1Mb or more:
data 5.8Mb
Flavor: r-oldrel-windows-x86_64