Last updated on 2022-06-24 11:52:22 CEST.
Flavor | Version | Tinstall | Tcheck | Ttotal | Status | Flags |
---|---|---|---|---|---|---|
r-devel-linux-x86_64-debian-clang | 1.2.1 | 9.33 | 97.21 | 106.54 | OK | |
r-devel-linux-x86_64-debian-gcc | 1.2.1 | 5.91 | 71.92 | 77.83 | OK | |
r-devel-linux-x86_64-fedora-clang | 1.2.1 | 131.29 | NOTE | |||
r-devel-linux-x86_64-fedora-gcc | 1.2.1 | 130.58 | OK | |||
r-devel-windows-x86_64 | 1.2.1 | 22.00 | 137.00 | 159.00 | NOTE | |
r-patched-linux-x86_64 | 1.2.1 | 8.51 | 92.83 | 101.34 | OK | |
r-release-linux-x86_64 | 1.2.1 | 6.05 | 91.14 | 97.19 | OK | |
r-release-macos-arm64 | 1.2.1 | 43.00 | NOTE | |||
r-release-macos-x86_64 | 1.2.1 | 69.00 | NOTE | |||
r-release-windows-x86_64 | 1.2.1 | 23.00 | 146.00 | 169.00 | NOTE | |
r-oldrel-macos-arm64 | 1.2.1 | 523.00 | NOTE | |||
r-oldrel-macos-x86_64 | 1.2.1 | 69.00 | NOTE | |||
r-oldrel-windows-ix86+x86_64 | 1.2.1 | 22.00 | 131.00 | 153.00 | NOTE |
Version: 1.2.1
Check: installed package size
Result: NOTE
installed size is 6.2Mb
sub-directories of 1Mb or more:
doc 5.9Mb
Flavors: r-devel-linux-x86_64-fedora-clang, r-devel-windows-x86_64, r-release-macos-arm64, r-release-macos-x86_64, r-release-windows-x86_64, r-oldrel-macos-arm64, r-oldrel-macos-x86_64, r-oldrel-windows-ix86+x86_64