CRAN Package Check Results for Package visreg

Last updated on 2025-04-29 12:52:53 CEST.

Flavor Version Tinstall Tcheck Ttotal Status Flags
r-devel-linux-x86_64-debian-clang 2.7.0 4.86 43.83 48.69 NOTE
r-devel-linux-x86_64-debian-gcc 2.7.0 3.09 33.03 36.12 NOTE
r-devel-linux-x86_64-fedora-clang 2.7.0 74.49 OK
r-devel-linux-x86_64-fedora-gcc 2.7.0 83.10 OK
r-devel-windows-x86_64 2.7.0 5.00 60.00 65.00 OK
r-patched-linux-x86_64 2.7.0 5.09 40.78 45.87 OK
r-release-linux-x86_64 2.7.0 4.36 41.77 46.13 OK
r-release-macos-arm64 2.7.0 39.00 OK
r-release-macos-x86_64 2.7.0 59.00 OK
r-release-windows-x86_64 2.7.0 6.00 60.00 66.00 OK
r-oldrel-macos-arm64 2.7.0 30.00 OK
r-oldrel-macos-x86_64 2.7.0 44.00 OK
r-oldrel-windows-x86_64 2.7.0 6.00 68.00 74.00 OK

Check Details

Version: 2.7.0
Check: CRAN incoming feasibility
Result: NOTE Maintainer: ‘Patrick Breheny <patrick-breheny@uiowa.edu>’ No Authors@R field in DESCRIPTION. Please add one, modifying Authors@R: c(person(given = "Patrick", family = "Breheny", role = c("aut", "cre"), email = "patrick-breheny@uiowa.edu"), person(given = "Woodrow", family = "Burchett", role = "aut")) as necessary. Package CITATION file contains call(s) to old-style personList() or as.personList(). Please use c() on person objects instead. Package CITATION file contains call(s) to old-style citEntry(). Please use bibentry() instead. Flavors: r-devel-linux-x86_64-debian-clang, r-devel-linux-x86_64-debian-gcc