CRAN Package Check Results for Package visachartR

Last updated on 2022-07-05 11:50:07 CEST.

Flavor Version Tinstall Tcheck Ttotal Status Flags
r-devel-linux-x86_64-debian-clang 2.1.0 3.96 35.90 39.86 OK
r-devel-linux-x86_64-debian-gcc 2.1.0 2.46 28.06 30.52 OK
r-devel-linux-x86_64-fedora-clang 2.1.0 57.56 NOTE
r-devel-linux-x86_64-fedora-gcc 2.1.0 56.21 OK
r-devel-windows-x86_64 2.1.0 157.00 76.00 233.00 NOTE
r-patched-linux-x86_64 2.1.0 3.57 34.39 37.96 OK
r-release-linux-x86_64 2.1.0 3.60 34.72 38.32 OK
r-release-macos-arm64 2.1.0 21.00 NOTE
r-release-macos-x86_64 2.1.0 27.00 NOTE
r-release-windows-x86_64 2.1.0 47.00 75.00 122.00 NOTE
r-oldrel-macos-arm64 2.1.0 20.00 NOTE
r-oldrel-macos-x86_64 2.1.0 26.00 NOTE
r-oldrel-windows-ix86+x86_64 2.1.0 9.00 58.00 67.00 NOTE

Check Details

Version: 2.1.0
Check: installed package size
Result: NOTE
     installed size is 6.4Mb
     sub-directories of 1Mb or more:
     help 1.3Mb
     htmlwidgets 5.0Mb
Flavors: r-devel-linux-x86_64-fedora-clang, r-devel-windows-x86_64, r-release-macos-arm64, r-release-macos-x86_64, r-release-windows-x86_64, r-oldrel-macos-arm64, r-oldrel-macos-x86_64, r-oldrel-windows-ix86+x86_64