Last updated on 2025-04-29 12:52:53 CEST.
Flavor | Version | Tinstall | Tcheck | Ttotal | Status | Flags |
---|---|---|---|---|---|---|
r-devel-linux-x86_64-debian-clang | 3.0.1 | 2.27 | 25.82 | 28.09 | NOTE | |
r-devel-linux-x86_64-debian-gcc | 3.0.1 | 1.88 | 20.30 | 22.18 | NOTE | |
r-devel-linux-x86_64-fedora-clang | 3.0.1 | 43.29 | OK | |||
r-devel-linux-x86_64-fedora-gcc | 3.0.1 | 40.79 | OK | |||
r-devel-windows-x86_64 | 3.0.1 | 3.00 | 43.00 | 46.00 | OK | |
r-patched-linux-x86_64 | 3.0.1 | 2.27 | 24.31 | 26.58 | OK | |
r-release-linux-x86_64 | 3.0.1 | 2.18 | 24.07 | 26.25 | OK | |
r-release-macos-arm64 | 3.0.1 | 19.00 | OK | |||
r-release-macos-x86_64 | 3.0.1 | 31.00 | OK | |||
r-release-windows-x86_64 | 3.0.1 | 3.00 | 48.00 | 51.00 | OK | |
r-oldrel-macos-arm64 | 3.0.1 | 18.00 | OK | |||
r-oldrel-macos-x86_64 | 3.0.1 | 24.00 | OK | |||
r-oldrel-windows-x86_64 | 3.0.1 | 3.00 | 42.00 | 45.00 | OK |
Version: 3.0.1
Check: CRAN incoming feasibility
Result: NOTE
Maintainer: ‘Jefferson Paril <jeffersonparil@gmail.com>’
No Authors@R field in DESCRIPTION.
Please add one, modifying
Authors@R: person(given = "Jefferson",
family = "Paril",
role = c("aut", "cre"),
email = "jeffersonparil@gmail.com")
as necessary.
Package CITATION file contains call(s) to old-style citEntry(). Please
use bibentry() instead.
Flavors: r-devel-linux-x86_64-debian-clang, r-devel-linux-x86_64-debian-gcc