Last updated on 2022-06-29 11:52:25 CEST.
Flavor | Version | Tinstall | Tcheck | Ttotal | Status | Flags |
---|---|---|---|---|---|---|
r-devel-linux-x86_64-debian-clang | 0.8.3 | 143.18 | 211.26 | 354.44 | OK | |
r-devel-linux-x86_64-debian-gcc | 0.8.3 | 128.43 | 149.38 | 277.81 | OK | |
r-devel-linux-x86_64-fedora-clang | 0.8.3 | 487.61 | NOTE | |||
r-devel-linux-x86_64-fedora-gcc | 0.8.3 | 485.53 | OK | |||
r-devel-windows-x86_64 | 0.8.3 | 96.00 | 363.00 | 459.00 | NOTE | |
r-patched-linux-x86_64 | 0.8.3 | 133.31 | 209.89 | 343.20 | OK | |
r-release-linux-x86_64 | 0.8.3 | 132.10 | 217.25 | 349.35 | OK | |
r-release-macos-arm64 | 0.8.3 | 149.00 | NOTE | |||
r-release-macos-x86_64 | 0.8.3 | 191.00 | NOTE | |||
r-release-windows-x86_64 | 0.8.3 | 96.00 | 368.00 | 464.00 | NOTE | |
r-oldrel-macos-arm64 | 0.8.3 | 120.00 | NOTE | |||
r-oldrel-macos-x86_64 | 0.8.3 | 182.00 | NOTE | |||
r-oldrel-windows-ix86+x86_64 | 0.8.3 | 318.00 | 459.00 | 777.00 | NOTE |
Version: 0.8.3
Check: installed package size
Result: NOTE
installed size is 44.7Mb
sub-directories of 1Mb or more:
doc 1.4Mb
libs 43.0Mb
Flavors: r-devel-linux-x86_64-fedora-clang, r-devel-windows-x86_64, r-release-macos-arm64, r-release-macos-x86_64, r-release-windows-x86_64, r-oldrel-macos-arm64, r-oldrel-macos-x86_64, r-oldrel-windows-ix86+x86_64