CRAN Package Check Results for Package vindecodr

Last updated on 2022-06-26 11:52:47 CEST.

Flavor Version Tinstall Tcheck Ttotal Status Flags
r-devel-linux-x86_64-debian-clang 0.1.1 1.93 21.69 23.62 NOTE
r-devel-linux-x86_64-debian-gcc 0.1.1 1.83 16.92 18.75 NOTE
r-devel-linux-x86_64-fedora-clang 0.1.1 39.57 NOTE
r-devel-linux-x86_64-fedora-gcc 0.1.1 39.04 NOTE
r-devel-windows-x86_64 0.1.1 14.00 49.00 63.00 NOTE
r-patched-linux-x86_64 0.1.1 2.40 21.09 23.49 NOTE
r-release-linux-x86_64 0.1.1 2.21 21.13 23.34 NOTE
r-release-macos-arm64 0.1.1 13.00 NOTE
r-release-macos-x86_64 0.1.1 20.00 NOTE
r-release-windows-x86_64 0.1.1 17.00 50.00 67.00 NOTE
r-oldrel-macos-arm64 0.1.1 19.00 NOTE
r-oldrel-macos-x86_64 0.1.1 20.00 NOTE
r-oldrel-windows-ix86+x86_64 0.1.1 5.00 40.00 45.00 NOTE

Check Details

Version: 0.1.1
Check: LazyData
Result: NOTE
     'LazyData' is specified without a 'data' directory
Flavors: r-devel-linux-x86_64-debian-clang, r-devel-linux-x86_64-debian-gcc, r-devel-linux-x86_64-fedora-clang, r-devel-linux-x86_64-fedora-gcc, r-devel-windows-x86_64, r-patched-linux-x86_64, r-release-linux-x86_64, r-release-macos-arm64, r-release-macos-x86_64, r-release-windows-x86_64, r-oldrel-macos-arm64, r-oldrel-macos-x86_64, r-oldrel-windows-ix86+x86_64