Last updated on 2024-08-31 11:49:43 CEST.
Flavor | Version | Tinstall | Tcheck | Ttotal | Status | Flags |
---|---|---|---|---|---|---|
r-devel-linux-x86_64-debian-clang | 0.1.0 | 4.74 | 226.46 | 231.20 | OK | |
r-devel-linux-x86_64-debian-gcc | 0.1.0 | 3.57 | 137.24 | 140.81 | OK | |
r-devel-linux-x86_64-fedora-clang | 0.1.0 | 377.96 | NOTE | |||
r-devel-linux-x86_64-fedora-gcc | 0.1.0 | 364.44 | NOTE | |||
r-devel-windows-x86_64 | 0.1.0 | 8.00 | 204.00 | 212.00 | OK | |
r-patched-linux-x86_64 | 0.1.0 | 5.14 | 207.79 | 212.93 | OK | |
r-release-linux-x86_64 | 0.1.0 | 5.20 | 210.43 | 215.63 | OK | |
r-release-macos-arm64 | 0.1.0 | 96.00 | OK | |||
r-release-macos-x86_64 | 0.1.0 | 155.00 | OK | |||
r-release-windows-x86_64 | 0.1.0 | 8.00 | 215.00 | 223.00 | OK | |
r-oldrel-macos-arm64 | 0.1.0 | 105.00 | OK | |||
r-oldrel-macos-x86_64 | 0.1.0 | 166.00 | OK | |||
r-oldrel-windows-x86_64 | 0.1.0 | 9.00 | 259.00 | 268.00 | OK |
Version: 0.1.0
Check: dependencies in R code
Result: NOTE
Namespaces in Imports field not imported from:
‘mclust’ ‘rlang’
All declared Imports should be used.
Flavors: r-devel-linux-x86_64-fedora-clang, r-devel-linux-x86_64-fedora-gcc