Last updated on 2024-04-19 11:57:05 CEST.
Flavor | Version | Tinstall | Tcheck | Ttotal | Status | Flags |
---|---|---|---|---|---|---|
r-devel-linux-x86_64-debian-clang | 0.4.0 | 4.40 | 53.75 | 58.15 | OK | |
r-devel-linux-x86_64-debian-gcc | 0.4.0 | OK | ||||
r-devel-linux-x86_64-fedora-clang | 0.4.0 | 71.78 | NOTE | |||
r-devel-linux-x86_64-fedora-gcc | 0.4.0 | 80.44 | NOTE | |||
r-prerel-macos-arm64 | 0.4.0 | 28.00 | OK | |||
r-prerel-windows-x86_64 | 0.4.0 | 6.00 | 58.00 | 64.00 | OK | |
r-patched-linux-x86_64 | 0.4.0 | 4.52 | 51.42 | 55.94 | OK | |
r-release-linux-x86_64 | 0.4.0 | 4.50 | 49.98 | 54.48 | OK | |
r-release-macos-arm64 | 0.4.0 | 36.00 | OK | |||
r-release-macos-x86_64 | 0.4.0 | 55.00 | OK | |||
r-release-windows-x86_64 | 0.4.0 | 7.00 | 62.00 | 69.00 | OK | |
r-oldrel-macos-arm64 | 0.4.0 | 22.00 | NOTE | |||
r-oldrel-windows-x86_64 | 0.4.0 | 7.00 | 69.00 | 76.00 | OK |
Version: 0.4.0
Check: data for non-ASCII characters
Result: NOTE
Note: found 468 marked UTF-8 strings
Flavors: r-devel-linux-x86_64-fedora-clang, r-devel-linux-x86_64-fedora-gcc, r-oldrel-macos-arm64