Last updated on 2024-04-25 08:00:11 CEST.
Flavor | Version | Tinstall | Tcheck | Ttotal | Status | Flags |
---|---|---|---|---|---|---|
r-devel-linux-x86_64-debian-clang | 0.2.0 | 7.74 | 83.57 | 91.31 | NOTE | |
r-devel-linux-x86_64-debian-gcc | 0.2.0 | 6.73 | 60.36 | 67.09 | NOTE | |
r-devel-linux-x86_64-fedora-clang | 0.2.0 | 111.00 | NOTE | |||
r-devel-linux-x86_64-fedora-gcc | 0.2.0 | 104.00 | NOTE | |||
r-devel-windows-x86_64 | 0.2.0 | 7.00 | 84.00 | 91.00 | NOTE | |
r-patched-linux-x86_64 | 0.2.0 | 8.92 | 79.89 | 88.81 | NOTE | |
r-release-linux-x86_64 | 0.2.0 | 6.41 | 76.51 | 82.92 | OK | |
r-release-macos-arm64 | 0.2.0 | 75.00 | NOTE | |||
r-release-windows-x86_64 | 0.2.0 | 7.00 | 80.00 | 87.00 | NOTE | |
r-oldrel-macos-arm64 | 0.2.0 | 83.00 | OK | |||
r-oldrel-macos-x86_64 | 0.2.0 | 318.00 | OK | |||
r-oldrel-windows-x86_64 | 0.2.0 | 8.00 | 97.00 | 105.00 | OK |
Version: 0.2.0
Check: Rd files
Result: NOTE
checkRd: (-1) VirtualArray-single-bracket-method.Rd:6: Lost braces
6 | \title{Indexing to extract subsets of a 'code{\link[via:XArray-class]{VirtualArray}}'-class object}
| ^
checkRd: (-1) subset.Rd:20: Lost braces
20 | \item{drop}{\code{logical} in case the result of subsetting is a single element, should the \\code{\link[via:XArray-class]{VirtualArray}} wrapper be dropped?}
| ^
Flavors: r-devel-linux-x86_64-debian-clang, r-devel-linux-x86_64-debian-gcc, r-devel-linux-x86_64-fedora-clang, r-devel-linux-x86_64-fedora-gcc, r-devel-windows-x86_64, r-patched-linux-x86_64, r-release-macos-arm64, r-release-windows-x86_64