CRAN Package Check Results for Package vhcub

Last updated on 2025-01-17 10:48:39 CET.

Flavor Version Tinstall Tcheck Ttotal Status Flags
r-devel-linux-x86_64-debian-clang 1.0.0 17.48 165.72 183.20 OK
r-devel-linux-x86_64-debian-gcc 1.0.0 13.12 121.06 134.18 OK
r-devel-linux-x86_64-fedora-clang 1.0.0 290.07 OK
r-devel-linux-x86_64-fedora-gcc 1.0.0 270.04 OK
r-devel-windows-x86_64 1.0.0 18.00 145.00 163.00 OK
r-patched-linux-x86_64 1.0.0 15.23 152.26 167.49 NOTE
r-release-linux-x86_64 1.0.0 16.15 152.25 168.40 NOTE
r-release-macos-arm64 1.0.0 74.00 NOTE
r-release-macos-x86_64 1.0.0 132.00 NOTE
r-release-windows-x86_64 1.0.0 19.00 141.00 160.00 NOTE
r-oldrel-macos-arm64 1.0.0 82.00 NOTE
r-oldrel-macos-x86_64 1.0.0 165.00 NOTE
r-oldrel-windows-x86_64 1.0.0 19.00 195.00 214.00 NOTE

Additional issues

donttest

Check Details

Version: 1.0.0
Check: LazyData
Result: NOTE 'LazyData' is specified without a 'data' directory Flavors: r-patched-linux-x86_64, r-release-linux-x86_64, r-release-macos-arm64, r-release-macos-x86_64, r-release-windows-x86_64, r-oldrel-macos-arm64, r-oldrel-macos-x86_64, r-oldrel-windows-x86_64