Last updated on 2022-07-02 12:53:17 CEST.
Flavor | Version | Tinstall | Tcheck | Ttotal | Status | Flags |
---|---|---|---|---|---|---|
r-devel-linux-x86_64-debian-clang | 1.42 | 10.81 | 111.53 | 122.34 | NOTE | |
r-devel-linux-x86_64-debian-gcc | 1.42 | 8.50 | 81.43 | 89.93 | NOTE | |
r-devel-linux-x86_64-fedora-clang | 1.42 | 149.55 | NOTE | |||
r-devel-linux-x86_64-fedora-gcc | 1.42 | 148.82 | NOTE | |||
r-devel-windows-x86_64 | 1.42 | 54.00 | 133.00 | 187.00 | NOTE | |
r-patched-linux-x86_64 | 1.42 | 16.24 | 103.86 | 120.10 | OK | |
r-release-linux-x86_64 | 1.42 | 11.40 | 104.07 | 115.47 | OK | |
r-release-macos-arm64 | 1.42 | 39.00 | OK | |||
r-release-macos-x86_64 | 1.42 | 90.00 | OK | |||
r-release-windows-x86_64 | 1.42 | 65.00 | 136.00 | 201.00 | OK | |
r-oldrel-macos-arm64 | 1.42 | 45.00 | OK | |||
r-oldrel-macos-x86_64 | 1.42 | 60.00 | OK | |||
r-oldrel-windows-ix86+x86_64 | 1.42 | 26.00 | 126.00 | 152.00 | OK |
Version: 1.42
Check: Rd files
Result: NOTE
checkRd: (-1) value.Rd:32: Escaped LaTeX specials: \$ \$
Flavors: r-devel-linux-x86_64-debian-clang, r-devel-linux-x86_64-debian-gcc, r-devel-linux-x86_64-fedora-clang, r-devel-linux-x86_64-fedora-gcc, r-devel-windows-x86_64