CRAN Package Check Results for Package velociraptr

Last updated on 2022-12-02 11:49:45 CET.

Flavor Version Tinstall Tcheck Ttotal Status Flags
r-devel-linux-x86_64-debian-clang 1.1.0 2.33 25.11 27.44 NOTE
r-devel-linux-x86_64-debian-gcc 1.1.0 1.99 19.76 21.75 NOTE
r-devel-linux-x86_64-fedora-clang 1.1.0 47.89 NOTE
r-devel-linux-x86_64-fedora-gcc 1.1.0 42.98 NOTE
r-devel-windows-x86_64 1.1.0 19.00 61.00 80.00 NOTE
r-patched-linux-x86_64 1.1.0 2.48 24.20 26.68 NOTE
r-release-linux-x86_64 1.1.0 1.91 24.23 26.14 NOTE
r-release-macos-arm64 1.1.0 18.00 NOTE
r-release-macos-x86_64 1.1.0 23.00 NOTE
r-release-windows-x86_64 1.1.0 25.00 56.00 81.00 NOTE
r-oldrel-macos-arm64 1.1.0 20.00 NOTE
r-oldrel-macos-x86_64 1.1.0 32.00 NOTE
r-oldrel-windows-ix86+x86_64 1.1.0 6.00 49.00 55.00 NOTE

Check Details

Version: 1.1.0
Check: LazyData
Result: NOTE
     'LazyData' is specified without a 'data' directory
Flavors: r-devel-linux-x86_64-debian-clang, r-devel-linux-x86_64-debian-gcc, r-devel-linux-x86_64-fedora-clang, r-devel-linux-x86_64-fedora-gcc, r-devel-windows-x86_64, r-patched-linux-x86_64, r-release-linux-x86_64, r-release-macos-arm64, r-release-macos-x86_64, r-release-windows-x86_64, r-oldrel-macos-arm64, r-oldrel-macos-x86_64, r-oldrel-windows-ix86+x86_64