CRAN Package Check Results for Package vein

Last updated on 2022-06-26 11:52:47 CEST.

Flavor Version Tinstall Tcheck Ttotal Status Flags
r-devel-linux-x86_64-debian-clang 0.9.6 29.93 285.73 315.66 OK
r-devel-linux-x86_64-debian-gcc 0.9.6 27.38 211.17 238.55 OK
r-devel-linux-x86_64-fedora-clang 0.9.6 369.64 NOTE
r-devel-linux-x86_64-fedora-gcc 0.9.6 365.97 NOTE
r-devel-windows-x86_64 0.9.6 76.00 316.00 392.00 OK
r-patched-linux-x86_64 0.9.6 31.40 266.42 297.82 OK
r-release-linux-x86_64 0.9.6 24.26 270.02 294.28 OK
r-release-macos-arm64 0.9.6 97.00 NOTE
r-release-macos-x86_64 0.9.6 135.00 NOTE
r-release-windows-x86_64 0.9.6 81.00 319.00 400.00 OK
r-oldrel-macos-arm64 0.9.6 93.00 NOTE
r-oldrel-macos-x86_64 0.9.6 131.00 NOTE
r-oldrel-windows-ix86+x86_64 0.9.6 65.00 481.00 546.00 OK

Check Details

Version: 0.9.6
Check: data for non-ASCII characters
Result: NOTE
     Note: found 49 marked UTF-8 strings
Flavors: r-devel-linux-x86_64-fedora-clang, r-devel-linux-x86_64-fedora-gcc, r-release-macos-arm64, r-release-macos-x86_64, r-oldrel-macos-arm64, r-oldrel-macos-x86_64