Last updated on 2025-05-07 11:55:46 CEST.
Flavor | Version | Tinstall | Tcheck | Ttotal | Status | Flags |
---|---|---|---|---|---|---|
r-devel-linux-x86_64-debian-clang | 0.1.8 | 14.71 | 125.71 | 140.42 | NOTE | |
r-devel-linux-x86_64-debian-gcc | 0.1.8 | 8.95 | 90.24 | 99.19 | NOTE | |
r-devel-linux-x86_64-fedora-clang | 0.1.8 | 209.37 | OK | |||
r-devel-linux-x86_64-fedora-gcc | 0.1.8 | 205.44 | OK | |||
r-devel-windows-x86_64 | 0.1.8 | 16.00 | 136.00 | 152.00 | NOTE | |
r-patched-linux-x86_64 | 0.1.8 | 10.82 | 116.74 | 127.56 | NOTE | |
r-release-linux-x86_64 | 0.1.8 | 12.54 | 117.78 | 130.32 | NOTE | |
r-release-macos-arm64 | 0.1.8 | 68.00 | OK | |||
r-release-macos-x86_64 | 0.1.8 | 112.00 | OK | |||
r-release-windows-x86_64 | 0.1.8 | 15.00 | 138.00 | 153.00 | NOTE | |
r-oldrel-macos-arm64 | 0.1.8 | 55.00 | OK | |||
r-oldrel-macos-x86_64 | 0.1.8 | 80.00 | OK | |||
r-oldrel-windows-x86_64 | 0.1.8 | 20.00 | 173.00 | 193.00 | OK |
Version: 0.1.8
Check: Rd cross-references
Result: NOTE
Found the following Rd file(s) with Rd \link{} targets missing package
anchors:
count_taxa.Rd: taxlist-class
make_cocktail.Rd: taxlist-class
subset.Rd: taxlist-class
summary.Rd: taxlist-class
tv2vegtable.Rd: taxlist-class, read.dbf
used_synonyms.Rd: get_children, get_parents, taxlist-class,
accepted_name
vegtable-class.Rd: taxlist-class
Please provide package anchors for all Rd \link{} targets not in the
package itself and the base packages.
Flavors: r-devel-linux-x86_64-debian-clang, r-devel-linux-x86_64-debian-gcc, r-devel-windows-x86_64, r-patched-linux-x86_64, r-release-linux-x86_64, r-release-windows-x86_64