Last updated on 2025-01-20 12:57:01 CET.
Flavor | Version | Tinstall | Tcheck | Ttotal | Status | Flags |
---|---|---|---|---|---|---|
r-devel-linux-x86_64-debian-clang | 0.1.0 | 5.19 | 43.58 | 48.77 | OK | |
r-devel-linux-x86_64-debian-gcc | 0.1.0 | 3.95 | 31.53 | 35.48 | OK | |
r-devel-linux-x86_64-fedora-clang | 0.1.0 | 79.34 | NOTE | |||
r-devel-linux-x86_64-fedora-gcc | 0.1.0 | 75.29 | NOTE | |||
r-devel-windows-x86_64 | 0.1.0 | 6.00 | 59.00 | 65.00 | OK | |
r-patched-linux-x86_64 | 0.1.0 | 5.34 | 41.27 | 46.61 | NOTE | |
r-release-linux-x86_64 | 0.1.0 | 5.03 | 41.67 | 46.70 | NOTE | |
r-release-macos-arm64 | 0.1.0 | 24.00 | NOTE | |||
r-release-macos-x86_64 | 0.1.0 | 37.00 | NOTE | |||
r-release-windows-x86_64 | 0.1.0 | 6.00 | 67.00 | 73.00 | NOTE | |
r-oldrel-macos-arm64 | 0.1.0 | 31.00 | NOTE | |||
r-oldrel-macos-x86_64 | 0.1.0 | 52.00 | NOTE | |||
r-oldrel-windows-x86_64 | 0.1.0 | 8.00 | 69.00 | 77.00 | NOTE |
Version: 0.1.0
Check: dependencies in R code
Result: NOTE
Namespaces in Imports field not imported from:
‘Rcpp’ ‘foreach’ ‘iterators’ ‘maps’ ‘spam’
All declared Imports should be used.
Flavors: r-devel-linux-x86_64-fedora-clang, r-devel-linux-x86_64-fedora-gcc
Version: 0.1.0
Check: LazyData
Result: NOTE
'LazyData' is specified without a 'data' directory
Flavors: r-patched-linux-x86_64, r-release-linux-x86_64, r-release-macos-arm64, r-release-macos-x86_64, r-release-windows-x86_64, r-oldrel-macos-arm64, r-oldrel-macos-x86_64, r-oldrel-windows-x86_64