CRAN Package Check Results for Package veccompare

Last updated on 2022-06-29 11:52:25 CEST.

Flavor Version Tinstall Tcheck Ttotal Status Flags
r-devel-linux-x86_64-debian-clang 0.1.0 3.31 34.62 37.93 OK
r-devel-linux-x86_64-debian-gcc 0.1.0 2.45 26.60 29.05 OK
r-devel-linux-x86_64-fedora-clang 0.1.0 56.16 WARN
r-devel-linux-x86_64-fedora-gcc 0.1.0 55.23 WARN
r-devel-windows-x86_64 0.1.0 37.00 66.00 103.00 OK
r-patched-linux-x86_64 0.1.0 3.04 33.41 36.45 OK
r-release-linux-x86_64 0.1.0 2.12 33.60 35.72 OK
r-release-macos-arm64 0.1.0 20.00 NOTE
r-release-macos-x86_64 0.1.0 28.00 NOTE
r-release-windows-x86_64 0.1.0 57.00 62.00 119.00 OK
r-oldrel-macos-arm64 0.1.0 21.00 NOTE
r-oldrel-macos-x86_64 0.1.0 35.00 NOTE
r-oldrel-windows-ix86+x86_64 0.1.0 9.00 55.00 64.00 OK

Check Details

Version: 0.1.0
Check: package dependencies
Result: WARN
    Requires orphaned package: ‘gtools’
Flavors: r-devel-linux-x86_64-fedora-clang, r-devel-linux-x86_64-fedora-gcc

Version: 0.1.0
Check: dependencies in R code
Result: NOTE
    Namespace in Imports field not imported from: ‘pander’
     All declared Imports should be used.
Flavors: r-devel-linux-x86_64-fedora-clang, r-devel-linux-x86_64-fedora-gcc, r-release-macos-arm64, r-release-macos-x86_64, r-oldrel-macos-arm64, r-oldrel-macos-x86_64