Last updated on 2023-12-08 11:54:52 CET.
Flavor | Version | Tinstall | Tcheck | Ttotal | Status | Flags |
---|---|---|---|---|---|---|
r-devel-linux-x86_64-debian-clang | 1.0.7 | 20.77 | 31.87 | 52.64 | NOTE | |
r-devel-linux-x86_64-debian-gcc | 1.0.7 | 13.75 | 25.30 | 39.05 | NOTE | |
r-devel-linux-x86_64-fedora-clang | 1.0.7 | 116.84 | NOTE | |||
r-devel-linux-x86_64-fedora-gcc | 1.0.7 | 64.76 | NOTE | |||
r-devel-windows-x86_64 | 1.0.7 | 19.00 | 70.00 | 89.00 | NOTE | |
r-patched-linux-x86_64 | 1.0.7 | 10.66 | 31.44 | 42.10 | NOTE | |
r-release-linux-x86_64 | 1.0.7 | 12.85 | 31.41 | 44.26 | NOTE | |
r-release-macos-arm64 | 1.0.7 | 49.00 | NOTE | |||
r-release-macos-x86_64 | 1.0.7 | 123.00 | NOTE | |||
r-release-windows-x86_64 | 1.0.7 | 23.00 | 72.00 | 95.00 | NOTE | |
r-oldrel-macos-arm64 | 1.0.7 | 54.00 | OK | |||
r-oldrel-macos-x86_64 | 1.0.7 | 65.00 | OK | |||
r-oldrel-windows-x86_64 | 1.0.7 | 23.00 | 70.00 | 93.00 | OK |
Version: 1.0.7
Check: C++ specification
Result: NOTE
Specified C++11: please drop specification unless essential
Flavors: r-devel-linux-x86_64-debian-clang, r-devel-linux-x86_64-debian-gcc, r-devel-linux-x86_64-fedora-clang, r-devel-linux-x86_64-fedora-gcc, r-devel-windows-x86_64, r-patched-linux-x86_64, r-release-linux-x86_64, r-release-macos-arm64, r-release-macos-x86_64, r-release-windows-x86_64