Last updated on 2023-01-30 10:52:16 CET.
Flavor | Version | Tinstall | Tcheck | Ttotal | Status | Flags |
---|---|---|---|---|---|---|
r-devel-linux-x86_64-debian-clang | 1.0.4 | 22.55 | 31.88 | 54.43 | OK | |
r-devel-linux-x86_64-debian-gcc | 1.0.5 | 14.22 | 25.08 | 39.30 | NOTE | |
r-devel-linux-x86_64-fedora-clang | 1.0.5 | 124.91 | NOTE | |||
r-devel-linux-x86_64-fedora-gcc | 1.0.5 | 64.43 | NOTE | |||
r-devel-windows-x86_64 | 1.0.5 | 110.00 | 92.00 | 202.00 | NOTE | |
r-patched-linux-x86_64 | 1.0.5 | 14.40 | 31.35 | 45.75 | OK | |
r-release-linux-x86_64 | 1.0.5 | 11.85 | 32.34 | 44.19 | OK | |
r-release-macos-arm64 | 1.0.5 | 62.00 | OK | |||
r-release-macos-x86_64 | 1.0.5 | 60.00 | OK | |||
r-release-windows-x86_64 | 1.0.5 | 49.00 | 85.00 | 134.00 | OK | |
r-oldrel-macos-arm64 | 1.0.5 | 50.00 | OK | |||
r-oldrel-macos-x86_64 | 1.0.5 | 63.00 | OK | |||
r-oldrel-windows-ix86+x86_64 | 1.0.5 | 50.00 | 83.00 | 133.00 | OK |
Version: 1.0.5
Check: C++ specification
Result: NOTE
Specified C++11: please update to current default of C++17
Flavors: r-devel-linux-x86_64-debian-gcc, r-devel-linux-x86_64-fedora-clang, r-devel-linux-x86_64-fedora-gcc, r-devel-windows-x86_64