Last updated on 2024-04-23 10:54:21 CEST.
Flavor | Version | Tinstall | Tcheck | Ttotal | Status | Flags |
---|---|---|---|---|---|---|
r-devel-linux-x86_64-debian-clang | 1.2.2 | 13.17 | 129.93 | 143.10 | ERROR | |
r-devel-linux-x86_64-debian-gcc | 1.2.2 | 9.96 | 95.17 | 105.13 | ERROR | |
r-devel-linux-x86_64-fedora-clang | 1.2.2 | 183.17 | ERROR | |||
r-devel-linux-x86_64-fedora-gcc | 1.2.2 | 247.80 | NOTE | |||
r-prerel-macos-arm64 | 1.2.2 | 85.00 | OK | |||
r-prerel-windows-x86_64 | 1.2.2 | 14.00 | 103.00 | 117.00 | ERROR | |
r-patched-linux-x86_64 | 1.2.2 | 16.91 | 121.50 | 138.41 | ERROR | |
r-release-linux-x86_64 | 1.2.2 | 13.57 | 123.75 | 137.32 | ERROR | |
r-release-macos-arm64 | 1.2.2 | 97.00 | OK | |||
r-release-macos-x86_64 | 1.2.2 | 138.00 | OK | |||
r-release-windows-x86_64 | 1.2.2 | 19.00 | 131.00 | 150.00 | ERROR | |
r-oldrel-macos-arm64 | 1.2.2 | 106.00 | OK | |||
r-oldrel-windows-x86_64 | 1.2.2 | 18.00 | 129.00 | 147.00 | ERROR |
Version: 1.2.2
Check: re-building of vignette outputs
Result: ERROR
Error(s) in re-building vignettes:
...
--- re-building ‘vdg.Rnw’ using knitr
Quitting from lines at lines 239-244 [spv-example] (vdg.Rnw)
Error: processing vignette 'vdg.Rnw' failed with diagnostics:
there is no package called 'tinytex'
--- failed re-building ‘vdg.Rnw’
SUMMARY: processing the following file failed:
‘vdg.Rnw’
Error: Vignette re-building failed.
Execution halted
Flavors: r-devel-linux-x86_64-debian-clang, r-devel-linux-x86_64-debian-gcc, r-patched-linux-x86_64, r-release-linux-x86_64
Version: 1.2.2
Check: compiled code
Result: NOTE
File ‘vdg/libs/vdg.so’:
Found no calls to: ‘R_registerRoutines’, ‘R_useDynamicSymbols’
It is good practice to register native routines and to disable symbol
search.
See ‘Writing portable packages’ in the ‘Writing R Extensions’ manual.
Flavors: r-devel-linux-x86_64-fedora-clang, r-devel-linux-x86_64-fedora-gcc
Version: 1.2.2
Check: re-building of vignette outputs
Result: ERROR
Error(s) in re-building vignettes:
--- re-building ‘vdg.Rnw’ using knitr
Quitting from lines at lines 239-244 [spv-example] (vdg.Rnw)
Error: processing vignette 'vdg.Rnw' failed with diagnostics:
there is no package called 'tinytex'
--- failed re-building ‘vdg.Rnw’
SUMMARY: processing the following file failed:
‘vdg.Rnw’
Error: Vignette re-building failed.
Execution halted
Flavors: r-devel-linux-x86_64-fedora-clang, r-prerel-windows-x86_64, r-release-windows-x86_64, r-oldrel-windows-x86_64