CRAN Package Check Results for Package vcov

Last updated on 2025-04-29 12:52:53 CEST.

Flavor Version Tinstall Tcheck Ttotal Status Flags
r-devel-linux-x86_64-debian-clang 0.0.1 1.68 16.55 18.23 NOTE
r-devel-linux-x86_64-debian-gcc 0.0.1 1.31 13.65 14.96 NOTE
r-devel-linux-x86_64-fedora-clang 0.0.1 28.38 OK
r-devel-linux-x86_64-fedora-gcc 0.0.1 27.17 OK
r-devel-windows-x86_64 0.0.1 3.00 41.00 44.00 OK
r-patched-linux-x86_64 0.0.1 1.70 15.96 17.66 OK
r-release-linux-x86_64 0.0.1 1.64 15.82 17.46 OK
r-release-macos-arm64 0.0.1 16.00 OK
r-release-macos-x86_64 0.0.1 26.00 OK
r-release-windows-x86_64 0.0.1 2.00 36.00 38.00 OK
r-oldrel-macos-arm64 0.0.1 16.00 OK
r-oldrel-macos-x86_64 0.0.1 26.00 OK
r-oldrel-windows-x86_64 0.0.1 2.00 34.00 36.00 OK

Check Details

Version: 0.0.1
Check: CRAN incoming feasibility
Result: NOTE Maintainer: ‘Michael Chirico <MichaelChirico4@gmail.com>’ No Authors@R field in DESCRIPTION. Please add one, modifying Authors@R: person(given = "Michael", family = "Chirico", role = c("aut", "cre"), email = "michaelchirico4@gmail.com") as necessary. Flavors: r-devel-linux-x86_64-debian-clang, r-devel-linux-x86_64-debian-gcc