Last updated on 2022-07-02 12:53:17 CEST.
Flavor | Version | Tinstall | Tcheck | Ttotal | Status | Flags |
---|---|---|---|---|---|---|
r-devel-linux-x86_64-debian-clang | 1.12.0 | 152.63 | 213.93 | 366.56 | WARN | |
r-devel-linux-x86_64-debian-gcc | 1.12.0 | 120.01 | 167.00 | 287.01 | OK | |
r-devel-linux-x86_64-fedora-clang | 1.12.0 | 509.02 | WARN | |||
r-devel-linux-x86_64-fedora-gcc | 1.12.0 | 468.64 | OK | |||
r-devel-windows-x86_64 | 1.12.0 | 151.00 | 308.00 | 459.00 | OK | |
r-patched-linux-x86_64 | 1.12.0 | 126.46 | 208.89 | 335.35 | OK | |
r-release-linux-x86_64 | 1.12.0 | 133.83 | 209.69 | 343.52 | OK | |
r-release-macos-arm64 | 1.12.0 | 123.00 | NOTE | |||
r-release-macos-x86_64 | 1.12.0 | 222.00 | NOTE | |||
r-release-windows-x86_64 | 1.12.0 | 142.00 | 323.00 | 465.00 | OK | |
r-oldrel-macos-arm64 | 1.12.0 | 147.00 | NOTE | |||
r-oldrel-macos-x86_64 | 1.12.0 | 221.00 | NOTE | |||
r-oldrel-windows-ix86+x86_64 | 1.12.0 | 361.00 | 408.00 | 769.00 | OK |
Version: 1.12.0
Check: whether package can be installed
Result: WARN
Found the following significant warnings:
NM2winNM.cpp:145:9: warning: use of bitwise '|' with boolean operands [-Wbitwise-instead-of-logical]
extract_gt.cpp:362:9: warning: use of bitwise '|' with boolean operands [-Wbitwise-instead-of-logical]
freq_peak.cpp:400:11: warning: use of bitwise '&' with boolean operands [-Wbitwise-instead-of-logical]
freq_peak.cpp:405:13: warning: use of bitwise '&' with boolean operands [-Wbitwise-instead-of-logical]
read_vcfR.cpp:497:9: warning: use of bitwise '&' with boolean operands [-Wbitwise-instead-of-logical]
vcfRCommon.cpp:112:9: warning: use of bitwise '|' with boolean operands [-Wbitwise-instead-of-logical]
Flavors: r-devel-linux-x86_64-debian-clang, r-devel-linux-x86_64-fedora-clang
Version: 1.12.0
Check: installed package size
Result: NOTE
installed size is 6.1Mb
sub-directories of 1Mb or more:
libs 4.1Mb
Flavors: r-devel-linux-x86_64-fedora-clang, r-release-macos-arm64, r-release-macos-x86_64, r-oldrel-macos-arm64, r-oldrel-macos-x86_64