Last updated on 2024-04-23 10:54:21 CEST.
Flavor | Version | Tinstall | Tcheck | Ttotal | Status | Flags |
---|---|---|---|---|---|---|
r-devel-linux-x86_64-debian-clang | 0.3.0 | 2.78 | 33.91 | 36.69 | NOTE | |
r-devel-linux-x86_64-debian-gcc | 0.3.0 | 2.20 | 25.98 | 28.18 | NOTE | |
r-devel-linux-x86_64-fedora-clang | 0.3.0 | 48.44 | NOTE | |||
r-devel-linux-x86_64-fedora-gcc | 0.3.0 | 58.20 | NOTE | |||
r-prerel-macos-arm64 | 0.3.0 | 41.00 | ERROR | |||
r-prerel-windows-x86_64 | 0.3.0 | 4.00 | 49.00 | 53.00 | NOTE | |
r-patched-linux-x86_64 | 0.3.0 | 1.80 | 32.22 | 34.02 | NOTE | |
r-release-linux-x86_64 | 0.3.0 | 1.73 | 31.29 | 33.02 | NOTE | |
r-release-macos-arm64 | 0.3.0 | 38.00 | NOTE | |||
r-release-macos-x86_64 | 0.3.0 | 48.00 | NOTE | |||
r-release-windows-x86_64 | 0.3.0 | 4.00 | 52.00 | 56.00 | NOTE | |
r-oldrel-macos-arm64 | 0.3.0 | 31.00 | NOTE | |||
r-oldrel-windows-x86_64 | 0.3.0 | 5.00 | 55.00 | 60.00 | NOTE |
Version: 0.3.0
Check: LazyData
Result: NOTE
'LazyData' is specified without a 'data' directory
Flavors: r-devel-linux-x86_64-debian-clang, r-devel-linux-x86_64-debian-gcc, r-devel-linux-x86_64-fedora-clang, r-devel-linux-x86_64-fedora-gcc, r-prerel-macos-arm64, r-prerel-windows-x86_64, r-patched-linux-x86_64, r-release-linux-x86_64, r-release-macos-arm64, r-release-macos-x86_64, r-release-windows-x86_64, r-oldrel-macos-arm64, r-oldrel-windows-x86_64
Version: 0.3.0
Check: dependencies in R code
Result: NOTE
Namespace in Imports field not imported from: ‘rio’
All declared Imports should be used.
Flavors: r-devel-linux-x86_64-fedora-clang, r-devel-linux-x86_64-fedora-gcc, r-oldrel-macos-arm64
Version: 0.3.0
Check: examples
Result: ERROR
Running examples in ‘varsExplore-Ex.R’ failed
The error most likely occurred in:
> ### Name: vars_explore
> ### Title: Searchable variable explorer with labelled variables
> ### Aliases: vars_explore
>
> ### ** Examples
>
>
> qog <- rio::import("http://www.qogdata.pol.gu.se/dataarchive/qog_bas_cs_jan18.dta")
Error in curl::curl_fetch_memory(file) :
Timeout was reached: [www.qogdata.pol.gu.se] Resolving timed out after 10007 milliseconds
Calls: <Anonymous> -> remote_to_local -> <Anonymous>
Execution halted
Flavor: r-prerel-macos-arm64