CRAN Package Check Results for Package valorate

Last updated on 2025-02-21 10:52:15 CET.

Flavor Version Tinstall Tcheck Ttotal Status Flags
r-devel-linux-x86_64-debian-clang 1.0-1 9.72 69.21 78.93 NOTE
r-devel-linux-x86_64-debian-gcc 1.0-1 7.28 48.97 56.25 NOTE
r-devel-linux-x86_64-fedora-clang 1.0-1 131.26 NOTE
r-devel-linux-x86_64-fedora-gcc 1.0-1 116.68 NOTE
r-devel-macos-arm64 1.0-1 41.00 OK
r-devel-macos-x86_64 1.0-1 92.00 OK
r-devel-windows-x86_64 1.0-1 12.00 81.00 93.00 NOTE
r-patched-linux-x86_64 1.0-1 9.23 64.96 74.19 OK
r-release-linux-x86_64 1.0-1 9.60 65.30 74.90 OK
r-release-macos-arm64 1.0-1 40.00 OK
r-release-macos-x86_64 1.0-1 65.00 OK
r-release-windows-x86_64 1.0-1 13.00 81.00 94.00 OK
r-oldrel-macos-arm64 1.0-1 47.00 OK
r-oldrel-macos-x86_64 1.0-1 75.00 OK
r-oldrel-windows-x86_64 1.0-1 10.00 93.00 103.00 OK

Check Details

Version: 1.0-1
Check: Rd cross-references
Result: NOTE Found the following Rd file(s) with Rd \link{} targets missing package anchors: valorate.risk.Rd: coxph Please provide package anchors for all Rd \link{} targets not in the package itself and the base packages. Flavors: r-devel-linux-x86_64-debian-clang, r-devel-linux-x86_64-debian-gcc, r-devel-windows-x86_64

Version: 1.0-1
Check: compiled code
Result: NOTE File ‘valorate/libs/valorate.so’: Found no calls to: ‘R_registerRoutines’, ‘R_useDynamicSymbols’ It is good practice to register native routines and to disable symbol search. See ‘Writing portable packages’ in the ‘Writing R Extensions’ manual. Flavors: r-devel-linux-x86_64-fedora-clang, r-devel-linux-x86_64-fedora-gcc