CRAN Package Check Results for Package valorate

Last updated on 2022-06-30 11:53:22 CEST.

Flavor Version Tinstall Tcheck Ttotal Status Flags
r-devel-linux-x86_64-debian-clang 1.0-1 13.37 86.55 99.92 OK
r-devel-linux-x86_64-debian-gcc 1.0-1 9.05 67.29 76.34 OK
r-devel-linux-x86_64-fedora-clang 1.0-1 126.22 NOTE
r-devel-linux-x86_64-fedora-gcc 1.0-1 126.04 NOTE
r-devel-windows-x86_64 1.0-1 34.00 110.00 144.00 OK
r-patched-linux-x86_64 1.0-1 11.23 82.18 93.41 OK
r-release-linux-x86_64 1.0-1 9.19 82.34 91.53 OK
r-release-macos-arm64 1.0-1 38.00 OK
r-release-macos-x86_64 1.0-1 57.00 OK
r-release-windows-x86_64 1.0-1 32.00 108.00 140.00 OK
r-oldrel-macos-arm64 1.0-1 46.00 OK
r-oldrel-macos-x86_64 1.0-1 77.00 OK
r-oldrel-windows-ix86+x86_64 1.0-1 27.00 142.00 169.00 OK

Check Details

Version: 1.0-1
Check: compiled code
Result: NOTE
    File ‘valorate/libs/valorate.so’:
     Found no calls to: ‘R_registerRoutines’, ‘R_useDynamicSymbols’
    
    It is good practice to register native routines and to disable symbol
    search.
    
    See ‘Writing portable packages’ in the ‘Writing R Extensions’ manual.
Flavors: r-devel-linux-x86_64-fedora-clang, r-devel-linux-x86_64-fedora-gcc