Last updated on 2024-04-24 11:21:09 CEST.
Flavor | Version | Tinstall | Tcheck | Ttotal | Status | Flags |
---|---|---|---|---|---|---|
r-devel-linux-x86_64-debian-clang | 1.0-1 | 10.48 | 88.02 | 98.50 | OK | |
r-devel-linux-x86_64-debian-gcc | 1.0-1 | 9.32 | 65.77 | 75.09 | OK | |
r-devel-linux-x86_64-fedora-clang | 1.0-1 | 125.50 | NOTE | |||
r-devel-linux-x86_64-fedora-gcc | 1.0-1 | 116.33 | NOTE | |||
r-devel-windows-x86_64 | 1.0-1 | 13.00 | 79.00 | 92.00 | OK | |
r-patched-linux-x86_64 | 1.0-1 | 8.67 | 83.22 | 91.89 | OK | |
r-release-linux-x86_64 | 1.0-1 | 12.90 | 84.91 | 97.81 | OK | |
r-release-macos-arm64 | 1.0-1 | 47.00 | OK | |||
r-release-windows-x86_64 | 1.0-1 | 11.00 | 80.00 | 91.00 | OK | |
r-oldrel-macos-arm64 | 1.0-1 | 38.00 | OK | |||
r-oldrel-macos-x86_64 | 1.0-1 | 75.00 | OK | |||
r-oldrel-windows-x86_64 | 1.0-1 | 15.00 | 102.00 | 117.00 | OK |
Version: 1.0-1
Check: compiled code
Result: NOTE
File ‘valorate/libs/valorate.so’:
Found no calls to: ‘R_registerRoutines’, ‘R_useDynamicSymbols’
It is good practice to register native routines and to disable symbol
search.
See ‘Writing portable packages’ in the ‘Writing R Extensions’ manual.
Flavors: r-devel-linux-x86_64-fedora-clang, r-devel-linux-x86_64-fedora-gcc