Last updated on 2022-07-02 12:53:17 CEST.
Flavor | Version | Tinstall | Tcheck | Ttotal | Status | Flags |
---|---|---|---|---|---|---|
r-devel-linux-x86_64-debian-clang | 0.5.0 | 5.83 | 60.18 | 66.01 | NOTE | |
r-devel-linux-x86_64-debian-gcc | 0.5.0 | 4.15 | 44.99 | 49.14 | NOTE | |
r-devel-linux-x86_64-fedora-clang | 0.5.0 | 85.91 | NOTE | |||
r-devel-linux-x86_64-fedora-gcc | 0.5.0 | 86.68 | NOTE | |||
r-devel-windows-x86_64 | 0.5.0 | 73.00 | 84.00 | 157.00 | NOTE | |
r-patched-linux-x86_64 | 0.5.0 | 6.88 | 58.10 | 64.98 | NOTE | |
r-release-linux-x86_64 | 0.5.0 | 5.65 | 58.31 | 63.96 | NOTE | |
r-release-macos-arm64 | 0.5.0 | 24.00 | NOTE | |||
r-release-macos-x86_64 | 0.5.0 | 37.00 | NOTE | |||
r-release-windows-x86_64 | 0.5.0 | 139.00 | 88.00 | 227.00 | NOTE | |
r-oldrel-macos-arm64 | 0.5.0 | 28.00 | NOTE | |||
r-oldrel-macos-x86_64 | 0.5.0 | 50.00 | NOTE | |||
r-oldrel-windows-ix86+x86_64 | 0.5.0 | 11.00 | 80.00 | 91.00 | NOTE |
Version: 0.5.0
Check: LazyData
Result: NOTE
'LazyData' is specified without a 'data' directory
Flavors: r-devel-linux-x86_64-debian-clang, r-devel-linux-x86_64-debian-gcc, r-devel-linux-x86_64-fedora-clang, r-devel-linux-x86_64-fedora-gcc, r-devel-windows-x86_64, r-patched-linux-x86_64, r-release-linux-x86_64, r-release-macos-arm64, r-release-macos-x86_64, r-release-windows-x86_64, r-oldrel-macos-arm64, r-oldrel-macos-x86_64, r-oldrel-windows-ix86+x86_64