Last updated on 2024-04-20 11:50:37 CEST.
Flavor | Version | Tinstall | Tcheck | Ttotal | Status | Flags |
---|---|---|---|---|---|---|
r-devel-linux-x86_64-debian-clang | 1.2.1 | 3.44 | 40.39 | 43.83 | NOTE | |
r-devel-linux-x86_64-debian-gcc | 1.2.1 | 2.32 | 30.77 | 33.09 | NOTE | |
r-devel-linux-x86_64-fedora-clang | 1.2.1 | 59.45 | NOTE | |||
r-devel-linux-x86_64-fedora-gcc | 1.2.1 | 53.04 | NOTE | |||
r-prerel-macos-arm64 | 1.2.1 | 18.00 | OK | |||
r-prerel-windows-x86_64 | 1.2.1 | 4.00 | 39.00 | 43.00 | OK | |
r-patched-linux-x86_64 | 1.2.1 | 4.16 | 39.65 | 43.81 | NOTE | |
r-release-linux-x86_64 | 1.2.1 | 3.26 | 39.43 | 42.69 | NOTE | |
r-release-macos-arm64 | 1.2.1 | 20.00 | OK | |||
r-release-macos-x86_64 | 1.2.1 | 31.00 | OK | |||
r-release-windows-x86_64 | 1.2.1 | 4.00 | 57.00 | 61.00 | OK | |
r-oldrel-macos-arm64 | 1.2.1 | 20.00 | OK | |||
r-oldrel-windows-x86_64 | 1.2.1 | 5.00 | 61.00 | 66.00 | OK |
Version: 1.2.1
Check: for non-standard things in the check directory
Result: NOTE
Found the following files/directories:
‘PredValidationPlots.pdf’ ‘RepStructValidationPlots.pdf’
Flavors: r-devel-linux-x86_64-debian-clang, r-devel-linux-x86_64-debian-gcc, r-devel-linux-x86_64-fedora-clang, r-devel-linux-x86_64-fedora-gcc, r-patched-linux-x86_64, r-release-linux-x86_64