CRAN Package Check Results for Package validann

Last updated on 2022-09-29 10:53:00 CEST.

Flavor Version Tinstall Tcheck Ttotal Status Flags
r-devel-linux-x86_64-debian-clang 1.2.1 3.40 41.56 44.96 NOTE
r-devel-linux-x86_64-debian-gcc 1.2.1 2.53 30.82 33.35 NOTE
r-devel-linux-x86_64-fedora-clang 1.2.1 66.78 NOTE
r-devel-linux-x86_64-fedora-gcc 1.2.1 66.55 NOTE
r-devel-windows-x86_64 1.2.1 14.00 67.00 81.00 OK
r-patched-linux-x86_64 1.2.1 3.40 39.67 43.07 NOTE
r-release-linux-x86_64 1.2.1 3.31 38.66 41.97 NOTE
r-release-macos-arm64 1.2.1 19.00 OK
r-release-macos-x86_64 1.2.1 28.00 OK
r-release-windows-x86_64 1.2.1 11.00 70.00 81.00 OK
r-oldrel-macos-arm64 1.2.1 21.00 OK
r-oldrel-macos-x86_64 1.2.1 37.00 OK
r-oldrel-windows-ix86+x86_64 1.2.1 7.00 65.00 72.00 OK

Check Details

Version: 1.2.1
Check: for non-standard things in the check directory
Result: NOTE
    Found the following files/directories:
     'PredValidationPlots.pdf' 'RepStructValidationPlots.pdf'
Flavors: r-devel-linux-x86_64-debian-clang, r-devel-linux-x86_64-debian-gcc, r-devel-linux-x86_64-fedora-clang, r-devel-linux-x86_64-fedora-gcc, r-patched-linux-x86_64, r-release-linux-x86_64