CRAN Package Check Results for Package vaersvax

Last updated on 2022-06-25 10:53:17 CEST.

Flavor Version Tinstall Tcheck Ttotal Status Flags
r-devel-linux-x86_64-debian-clang 1.0.5 1.47 21.53 23.00 NOTE
r-devel-linux-x86_64-debian-gcc 1.0.5 1.72 17.09 18.81 NOTE
r-devel-linux-x86_64-fedora-clang 1.0.5 40.96 NOTE
r-devel-linux-x86_64-fedora-gcc 1.0.5 40.33 NOTE
r-devel-windows-x86_64 1.0.5 11.00 59.00 70.00 NOTE
r-patched-linux-x86_64 1.0.5 1.79 21.71 23.50 NOTE
r-release-linux-x86_64 1.0.5 1.51 21.20 22.71 NOTE
r-release-macos-arm64 1.0.5 15.00 NOTE
r-release-macos-x86_64 1.0.5 20.00 NOTE
r-release-windows-x86_64 1.0.5 8.00 53.00 61.00 NOTE
r-oldrel-macos-arm64 1.0.5 21.00 NOTE
r-oldrel-macos-x86_64 1.0.5 27.00 NOTE
r-oldrel-windows-ix86+x86_64 1.0.5 5.00 42.00 47.00 NOTE

Check Details

Version: 1.0.5
Check: package dependencies
Result: NOTE
    Packages suggested but not available for checking: 'vaers', 'vaersND'
Flavors: r-devel-linux-x86_64-debian-clang, r-devel-linux-x86_64-debian-gcc, r-devel-linux-x86_64-fedora-clang, r-devel-linux-x86_64-fedora-gcc, r-devel-windows-x86_64, r-patched-linux-x86_64, r-release-linux-x86_64, r-release-macos-arm64, r-release-macos-x86_64, r-release-windows-x86_64, r-oldrel-macos-x86_64, r-oldrel-windows-ix86+x86_64

Version: 1.0.5
Check: package dependencies
Result: NOTE
    Packages suggested but not available for checking:
     'vaersNDvax', 'vaers', 'vaersND'
Flavor: r-oldrel-macos-arm64