Last updated on 2024-04-23 10:54:21 CEST.
Flavor | Version | Tinstall | Tcheck | Ttotal | Status | Flags |
---|---|---|---|---|---|---|
r-devel-linux-x86_64-debian-clang | 1.0.4 | 2.89 | 23.14 | 26.03 | NOTE | |
r-devel-linux-x86_64-debian-gcc | 1.0.4 | 2.18 | 18.08 | 20.26 | NOTE | |
r-devel-linux-x86_64-fedora-clang | 1.0.4 | 35.84 | NOTE | |||
r-devel-linux-x86_64-fedora-gcc | 1.0.4 | 32.86 | NOTE | |||
r-prerel-macos-arm64 | 1.0.4 | 15.00 | NOTE | |||
r-prerel-windows-x86_64 | 1.0.4 | 3.00 | 45.00 | 48.00 | NOTE | |
r-patched-linux-x86_64 | 1.0.4 | 2.85 | 22.48 | 25.33 | NOTE | |
r-release-linux-x86_64 | 1.0.4 | 2.83 | 22.63 | 25.46 | NOTE | |
r-release-macos-arm64 | 1.0.4 | 20.00 | NOTE | |||
r-release-macos-x86_64 | 1.0.4 | 23.00 | NOTE | |||
r-release-windows-x86_64 | 1.0.4 | 5.00 | 42.00 | 47.00 | NOTE | |
r-oldrel-macos-arm64 | 1.0.4 | 17.00 | NOTE | |||
r-oldrel-windows-x86_64 | 1.0.4 | 7.00 | 54.00 | 61.00 | NOTE |
Version: 1.0.4
Check: package dependencies
Result: NOTE
Packages suggested but not available for checking: 'vaers', 'vaersND'
Flavors: r-devel-linux-x86_64-debian-clang, r-devel-linux-x86_64-debian-gcc, r-devel-linux-x86_64-fedora-clang, r-devel-linux-x86_64-fedora-gcc, r-prerel-macos-arm64, r-prerel-windows-x86_64, r-patched-linux-x86_64, r-release-linux-x86_64, r-release-macos-arm64, r-release-macos-x86_64, r-release-windows-x86_64, r-oldrel-macos-arm64, r-oldrel-windows-x86_64