CRAN Package Check Results for Package vaersNDvax

Last updated on 2022-07-02 12:53:17 CEST.

Flavor Version Tinstall Tcheck Ttotal Status Flags
r-devel-linux-x86_64-debian-clang 1.0.4 3.06 22.84 25.90 NOTE
r-devel-linux-x86_64-debian-gcc 1.0.4 2.40 18.18 20.58 NOTE
r-devel-linux-x86_64-fedora-clang 1.0.4 43.57 NOTE
r-devel-linux-x86_64-fedora-gcc 1.0.4 42.21 NOTE
r-devel-windows-x86_64 1.0.4 14.00 53.00 67.00 NOTE
r-patched-linux-x86_64 1.0.4 2.98 22.69 25.67 NOTE
r-release-linux-x86_64 1.0.4 2.77 22.09 24.86 NOTE
r-release-macos-arm64 1.0.4 17.00 NOTE
r-release-macos-x86_64 1.0.4 22.00 NOTE
r-release-windows-x86_64 1.0.4 17.00 54.00 71.00 NOTE
r-oldrel-macos-arm64 1.0.4 18.00 NOTE
r-oldrel-macos-x86_64 1.0.4 30.00 NOTE
r-oldrel-windows-ix86+x86_64 1.0.4 6.00 41.00 47.00 NOTE

Check Details

Version: 1.0.4
Check: package dependencies
Result: NOTE
    Packages suggested but not available for checking: 'vaers', 'vaersND'
Flavors: r-devel-linux-x86_64-debian-clang, r-devel-linux-x86_64-debian-gcc, r-devel-linux-x86_64-fedora-clang, r-devel-linux-x86_64-fedora-gcc, r-devel-windows-x86_64, r-patched-linux-x86_64, r-release-linux-x86_64, r-release-macos-arm64, r-release-macos-x86_64, r-release-windows-x86_64, r-oldrel-macos-arm64, r-oldrel-macos-x86_64, r-oldrel-windows-ix86+x86_64