Last updated on 2025-05-09 10:49:43 CEST.
Flavor | Version | Tinstall | Tcheck | Ttotal | Status | Flags |
---|---|---|---|---|---|---|
r-devel-linux-x86_64-debian-clang | 1.0.0 | 6.03 | 51.83 | 57.86 | NOTE | |
r-devel-linux-x86_64-debian-gcc | 1.0.0 | 4.06 | 36.27 | 40.33 | NOTE | |
r-devel-linux-x86_64-fedora-clang | 1.0.0 | 78.05 | NOTE | |||
r-devel-linux-x86_64-fedora-gcc | 1.0.0 | 84.17 | NOTE | |||
r-devel-windows-x86_64 | 1.0.0 | 9.00 | 66.00 | 75.00 | OK | |
r-patched-linux-x86_64 | 1.0.0 | 6.21 | 47.39 | 53.60 | OK | |
r-release-linux-x86_64 | 1.0.0 | 5.07 | 47.21 | 52.28 | OK | |
r-release-macos-arm64 | 1.0.0 | 26.00 | OK | |||
r-release-macos-x86_64 | 1.0.0 | 51.00 | OK | |||
r-release-windows-x86_64 | 1.0.0 | 8.00 | 67.00 | 75.00 | OK | |
r-oldrel-macos-arm64 | 1.0.0 | 26.00 | OK | |||
r-oldrel-macos-x86_64 | 1.0.0 | 47.00 | OK | |||
r-oldrel-windows-x86_64 | 1.0.0 | 10.00 | 78.00 | 88.00 | OK |
Version: 1.0.0
Check: CRAN incoming feasibility
Result: NOTE
Maintainer: ‘Donald Williams <drwwilliams@ucdavis.edu>’
The Description field contains
variance in a one-way random effects model <10.31234/osf.io/hpq7w>.
Please write DOIs as <doi:prefix/suffix>.
Flavors: r-devel-linux-x86_64-debian-clang, r-devel-linux-x86_64-debian-gcc
Version: 1.0.0
Check: dependencies in R code
Result: NOTE
Namespace in Imports field not imported from: ‘Rdpack’
All declared Imports should be used.
Flavors: r-devel-linux-x86_64-fedora-clang, r-devel-linux-x86_64-fedora-gcc