CRAN Package Check Results for Package vDiveR

Last updated on 2024-02-26 12:54:40 CET.

Flavor Version Tinstall Tcheck Ttotal Status Flags
r-devel-linux-x86_64-debian-clang 1.2.1 10.74 96.47 107.21 OK
r-devel-linux-x86_64-debian-gcc 1.2.1 8.40 71.19 79.59 OK
r-devel-linux-x86_64-fedora-clang 1.2.1 124.20 NOTE
r-devel-linux-x86_64-fedora-gcc 1.2.1 121.86 NOTE
r-devel-windows-x86_64 1.2.1 12.00 92.00 104.00 OK
r-patched-linux-x86_64 1.2.1 7.93 91.57 99.50 OK
r-release-linux-x86_64 1.2.1 10.77 90.39 101.16 OK
r-release-macos-arm64 1.2.1 45.00 OK
r-release-macos-x86_64 1.2.1 70.00 OK
r-release-windows-x86_64 1.2.1 14.00 107.00 121.00 OK
r-oldrel-macos-arm64 1.2.1 44.00 OK
r-oldrel-windows-x86_64 1.2.1 14.00 106.00 120.00 OK

Check Details

Version: 1.2.1
Check: dependencies in R code
Result: NOTE Namespaces in Imports field not imported from: ‘DT’ ‘maps’ ‘readr’ All declared Imports should be used. Flavors: r-devel-linux-x86_64-fedora-clang, r-devel-linux-x86_64-fedora-gcc