Last updated on 2025-07-20 12:49:40 CEST.
Flavor | Version | Tinstall | Tcheck | Ttotal | Status | Flags |
---|---|---|---|---|---|---|
r-devel-linux-x86_64-debian-clang | 0.1.5 | 1.63 | 18.86 | 20.49 | NOTE | |
r-devel-linux-x86_64-debian-gcc | 0.1.5 | 1.33 | 15.93 | 17.26 | NOTE | |
r-devel-linux-x86_64-fedora-clang | 0.1.5 | 33.60 | OK | |||
r-devel-linux-x86_64-fedora-gcc | 0.1.5 | 30.37 | OK | |||
r-devel-windows-x86_64 | 0.1.5 | 3.00 | 46.00 | 49.00 | OK | |
r-patched-linux-x86_64 | 0.1.5 | 1.59 | 17.76 | 19.35 | OK | |
r-release-linux-x86_64 | 0.1.5 | 1.31 | 17.49 | 18.80 | OK | |
r-release-macos-arm64 | 0.1.5 | 16.00 | OK | |||
r-release-macos-x86_64 | 0.1.5 | 26.00 | OK | |||
r-release-windows-x86_64 | 0.1.5 | 2.00 | 45.00 | 47.00 | OK | |
r-oldrel-macos-arm64 | 0.1.5 | 15.00 | OK | |||
r-oldrel-macos-x86_64 | 0.1.5 | 20.00 | OK | |||
r-oldrel-windows-x86_64 | 0.1.5 | 3.00 | 46.00 | 49.00 | OK |
Version: 0.1.5
Check: CRAN incoming feasibility
Result: NOTE
Maintainer: ‘Antonio J. Segura <segura.antonioj@gmail.com>’
No Authors@R field in DESCRIPTION.
Please add one, modifying
Authors@R: person(given = c("Antonio", "J."),
family = "Segura",
role = c("aut", "cre"),
email = "segura.antonioj@gmail.com")
as necessary.
Flavors: r-devel-linux-x86_64-debian-clang, r-devel-linux-x86_64-debian-gcc