Last updated on 2022-06-25 10:53:17 CEST.
Flavor | Version | Tinstall | Tcheck | Ttotal | Status | Flags |
---|---|---|---|---|---|---|
r-devel-linux-x86_64-debian-clang | 0.6.0 | 2.62 | 74.48 | 77.10 | OK | |
r-devel-linux-x86_64-debian-gcc | 0.6.0 | 2.51 | 56.78 | 59.29 | OK | |
r-devel-linux-x86_64-fedora-clang | 0.6.0 | 101.71 | NOTE | |||
r-devel-linux-x86_64-fedora-gcc | 0.6.0 | 99.55 | NOTE | |||
r-devel-windows-x86_64 | 0.6.0 | 23.00 | 119.00 | 142.00 | OK | |
r-patched-linux-x86_64 | 0.6.0 | 3.17 | 69.34 | 72.51 | OK | |
r-release-linux-x86_64 | 0.6.0 | 2.84 | 69.79 | 72.63 | OK | |
r-release-macos-arm64 | 0.6.0 | 38.00 | NOTE | |||
r-release-macos-x86_64 | 0.6.0 | 51.00 | NOTE | |||
r-release-windows-x86_64 | 0.6.0 | 26.00 | 121.00 | 147.00 | OK | |
r-oldrel-macos-arm64 | 0.6.0 | 42.00 | NOTE | |||
r-oldrel-macos-x86_64 | 0.6.0 | 52.00 | NOTE | |||
r-oldrel-windows-ix86+x86_64 | 0.6.0 | 7.00 | 109.00 | 116.00 | OK |
Version: 0.6.0
Check: data for non-ASCII characters
Result: NOTE
Note: found 1 marked UTF-8 string
Flavors: r-devel-linux-x86_64-fedora-clang, r-devel-linux-x86_64-fedora-gcc, r-release-macos-arm64, r-release-macos-x86_64, r-oldrel-macos-arm64, r-oldrel-macos-x86_64