CRAN Package Check Results for Package usdampr

Last updated on 2022-07-07 12:55:38 CEST.

Flavor Version Tinstall Tcheck Ttotal Status Flags
r-devel-linux-x86_64-debian-clang 1.0.1 1.58 22.31 23.89 OK
r-devel-linux-x86_64-debian-gcc 1.0.1 1.72 17.78 19.50 OK
r-devel-linux-x86_64-fedora-clang 1.0.1 41.18 NOTE
r-devel-linux-x86_64-fedora-gcc 1.0.1 40.24 NOTE
r-devel-windows-x86_64 1.0.1 11.00 48.00 59.00 OK
r-patched-linux-x86_64 1.0.1 2.29 21.88 24.17 OK
r-release-linux-x86_64 1.0.1 1.56 21.88 23.44 OK
r-release-macos-arm64 1.0.1 16.00 NOTE
r-release-macos-x86_64 1.0.1 24.00 NOTE
r-release-windows-x86_64 1.0.1 12.00 51.00 63.00 OK
r-oldrel-macos-arm64 1.0.1 19.00 NOTE
r-oldrel-macos-x86_64 1.0.1 25.00 NOTE
r-oldrel-windows-ix86+x86_64 1.0.1 8.00 43.00 51.00 OK

Check Details

Version: 1.0.1
Check: data for non-ASCII characters
Result: NOTE
     Note: found 2 marked UTF-8 strings
Flavors: r-devel-linux-x86_64-fedora-clang, r-devel-linux-x86_64-fedora-gcc, r-release-macos-arm64, r-release-macos-x86_64, r-oldrel-macos-arm64, r-oldrel-macos-x86_64