CRAN Package Check Results for Package uptasticsearch

Last updated on 2022-06-27 11:50:58 CEST.

Flavor Version Tinstall Tcheck Ttotal Status Flags
r-devel-linux-x86_64-debian-clang 0.4.0 4.57 45.21 49.78 NOTE
r-devel-linux-x86_64-debian-gcc 0.4.0 3.50 34.28 37.78 NOTE
r-devel-linux-x86_64-fedora-clang 0.4.0 69.57 NOTE
r-devel-linux-x86_64-fedora-gcc 0.4.0 79.13 NOTE
r-devel-windows-x86_64 0.4.0 64.00 81.00 145.00 NOTE
r-patched-linux-x86_64 0.4.0 3.47 43.01 46.48 NOTE
r-release-linux-x86_64 0.4.0 4.04 42.59 46.63 NOTE
r-release-macos-arm64 0.4.0 23.00 NOTE
r-release-macos-x86_64 0.4.0 38.00 NOTE
r-release-windows-x86_64 0.4.0 92.00 76.00 168.00 NOTE
r-oldrel-macos-arm64 0.4.0 37.00 NOTE
r-oldrel-macos-x86_64 0.4.0 42.00 NOTE
r-oldrel-windows-ix86+x86_64 0.4.0 11.00 69.00 80.00 NOTE

Check Details

Version: 0.4.0
Check: LazyData
Result: NOTE
     'LazyData' is specified without a 'data' directory
Flavors: r-devel-linux-x86_64-debian-clang, r-devel-linux-x86_64-debian-gcc, r-devel-linux-x86_64-fedora-clang, r-devel-linux-x86_64-fedora-gcc, r-devel-windows-x86_64, r-patched-linux-x86_64, r-release-linux-x86_64, r-release-macos-arm64, r-release-macos-x86_64, r-release-windows-x86_64, r-oldrel-macos-arm64, r-oldrel-macos-x86_64, r-oldrel-windows-ix86+x86_64