Last updated on 2024-04-23 10:54:21 CEST.
Flavor | Version | Tinstall | Tcheck | Ttotal | Status | Flags |
---|---|---|---|---|---|---|
r-devel-linux-x86_64-debian-clang | 2.1.5 | 142.11 | 134.49 | 276.60 | NOTE | |
r-devel-linux-x86_64-debian-gcc | 2.1.5 | 99.66 | 113.91 | 213.57 | OK | |
r-devel-linux-x86_64-fedora-clang | 2.1.5 | 418.45 | OK | |||
r-devel-linux-x86_64-fedora-gcc | 2.1.5 | 369.84 | OK | |||
r-prerel-macos-arm64 | 2.1.5 | 92.00 | OK | |||
r-prerel-windows-x86_64 | 2.1.5 | 104.00 | 163.00 | 267.00 | OK | |
r-patched-linux-x86_64 | 2.1.5 | 129.65 | 147.13 | 276.78 | OK | |
r-release-linux-x86_64 | 2.1.5 | 125.39 | 147.35 | 272.74 | OK | |
r-release-macos-arm64 | 2.1.5 | 96.00 | OK | |||
r-release-macos-x86_64 | 2.1.5 | 204.00 | OK | |||
r-release-windows-x86_64 | 2.1.5 | 131.00 | 198.00 | 329.00 | OK | |
r-oldrel-macos-arm64 | 2.1.5 | 98.00 | OK | |||
r-oldrel-windows-x86_64 | 2.1.5 | 124.00 | 183.00 | 307.00 | OK |
Version: 2.1.5
Check: package dependencies
Result: NOTE
Packages suggested but not available for checking:
'VariantAnnotation', 'GenomicRanges'
Flavor: r-devel-linux-x86_64-debian-clang