Last updated on 2024-04-17 10:41:54 CEST.
Flavor | Version | Tinstall | Tcheck | Ttotal | Status | Flags |
---|---|---|---|---|---|---|
r-devel-linux-x86_64-debian-clang | 0.2.0 | 11.76 | 63.49 | 75.25 | OK | |
r-devel-linux-x86_64-debian-gcc | 0.2.0 | 7.71 | 46.93 | 54.64 | OK | |
r-devel-linux-x86_64-fedora-clang | 0.2.0 | 97.47 | NOTE | |||
r-devel-linux-x86_64-fedora-gcc | 0.2.0 | 88.30 | NOTE | |||
r-prerel-macos-arm64 | 0.2.0 | 27.00 | OK | |||
r-prerel-windows-x86_64 | 0.2.0 | 11.00 | 63.00 | 74.00 | OK | |
r-patched-linux-x86_64 | 0.2.0 | 13.07 | 60.69 | 73.76 | OK | |
r-release-linux-x86_64 | 0.2.0 | 6.07 | 60.25 | 66.32 | OK | |
r-release-macos-arm64 | 0.2.0 | 29.00 | OK | |||
r-release-macos-x86_64 | 0.2.0 | 42.00 | OK | |||
r-release-windows-x86_64 | 0.2.0 | 12.00 | 74.00 | 86.00 | OK | |
r-oldrel-macos-arm64 | 0.2.0 | 31.00 | NOTE | |||
r-oldrel-windows-x86_64 | 0.2.0 | 13.00 | 74.00 | 87.00 | OK |
Version: 0.2.0
Check: data for non-ASCII characters
Result: NOTE
Note: found 3347 marked UTF-8 strings
Flavors: r-devel-linux-x86_64-fedora-clang, r-devel-linux-x86_64-fedora-gcc, r-oldrel-macos-arm64