CRAN Package Check Results for Package unmarked

Last updated on 2024-03-01 12:52:13 CET.

Flavor Version Tinstall Tcheck Ttotal Status Flags
r-devel-linux-x86_64-debian-clang 1.4.1 538.78 323.45 862.23 NOTE
r-devel-linux-x86_64-debian-gcc 1.4.1 450.39 317.14 767.53 NOTE
r-devel-linux-x86_64-fedora-clang 1.4.1 1191.59 NOTE
r-devel-linux-x86_64-fedora-gcc 1.4.1 1280.08 NOTE
r-devel-windows-x86_64 1.4.1 394.00 318.00 712.00 NOTE
r-patched-linux-x86_64 1.4.1 468.14 386.24 854.38 NOTE
r-release-linux-x86_64 1.4.1 412.80 359.50 772.30 NOTE
r-release-macos-arm64 1.4.1 217.00 NOTE
r-release-macos-x86_64 1.4.1 387.00 NOTE
r-release-windows-x86_64 1.4.1 541.00 396.00 937.00 NOTE
r-oldrel-macos-arm64 1.4.1 233.00 NOTE
r-oldrel-windows-x86_64 1.4.1 491.00 385.00 876.00 NOTE

Additional issues

noRemap

Check Details

Version: 1.4.1
Check: for GNU extensions in Makefiles
Result: NOTE GNU make is a SystemRequirements. Flavors: r-devel-linux-x86_64-debian-clang, r-devel-linux-x86_64-debian-gcc, r-devel-linux-x86_64-fedora-clang, r-devel-linux-x86_64-fedora-gcc, r-devel-windows-x86_64, r-patched-linux-x86_64, r-release-linux-x86_64, r-release-macos-arm64, r-release-macos-x86_64, r-release-windows-x86_64, r-oldrel-macos-arm64, r-oldrel-windows-x86_64

Version: 1.4.1
Check: installed package size
Result: NOTE installed size is 6.2Mb sub-directories of 1Mb or more: R 1.4Mb doc 1.5Mb libs 2.4Mb Flavors: r-devel-linux-x86_64-fedora-clang, r-devel-windows-x86_64, r-release-macos-arm64, r-release-macos-x86_64, r-release-windows-x86_64, r-oldrel-macos-arm64, r-oldrel-windows-x86_64