Last updated on 2025-04-14 11:50:21 CEST.
Flavor | Version | Tinstall | Tcheck | Ttotal | Status | Flags |
---|---|---|---|---|---|---|
r-devel-linux-x86_64-debian-clang | 1.5.0 | 373.99 | 279.90 | 653.89 | OK | |
r-devel-linux-x86_64-debian-gcc | 1.5.0 | 279.04 | 207.16 | 486.20 | OK | |
r-devel-linux-x86_64-fedora-clang | 1.5.0 | 1162.86 | OK | |||
r-devel-linux-x86_64-fedora-gcc | 1.5.0 | 1203.25 | OK | |||
r-devel-windows-x86_64 | 1.5.0 | 409.00 | 315.00 | 724.00 | OK | |
r-patched-linux-x86_64 | 1.5.0 | 400.64 | 284.52 | 685.16 | OK | |
r-release-linux-x86_64 | 1.5.0 | 390.99 | 277.92 | 668.91 | OK | |
r-release-macos-arm64 | 1.5.0 | 273.00 | OK | |||
r-release-macos-x86_64 | 1.5.0 | 514.00 | OK | |||
r-release-windows-x86_64 | 1.5.0 | 490.00 | 403.00 | 893.00 | NOTE | |
r-oldrel-macos-arm64 | 1.5.0 | 244.00 | NOTE | |||
r-oldrel-macos-x86_64 | 1.5.0 | 460.00 | NOTE | |||
r-oldrel-windows-x86_64 | 1.5.0 | 490.00 | 403.00 | 893.00 | NOTE |
Version: 1.5.0
Check: installed package size
Result: NOTE
installed size is 18.7Mb
sub-directories of 1Mb or more:
R 1.7Mb
doc 1.3Mb
libs 14.8Mb
Flavors: r-release-windows-x86_64, r-oldrel-macos-arm64, r-oldrel-macos-x86_64, r-oldrel-windows-x86_64
Version: 1.5.0
Check: for GNU extensions in Makefiles
Result: NOTE
GNU make is a SystemRequirements.
Flavors: r-release-windows-x86_64, r-oldrel-macos-arm64, r-oldrel-macos-x86_64, r-oldrel-windows-x86_64