CRAN Package Check Results for Package unjoin

Last updated on 2022-07-02 12:53:17 CEST.

Flavor Version Tinstall Tcheck Ttotal Status Flags
r-devel-linux-x86_64-debian-clang 0.1.0 4.74 50.25 54.99 NOTE
r-devel-linux-x86_64-debian-gcc 0.1.0 3.90 38.08 41.98 NOTE
r-devel-linux-x86_64-fedora-clang 0.1.0 76.94 NOTE
r-devel-linux-x86_64-fedora-gcc 0.1.0 74.27 NOTE
r-devel-windows-x86_64 0.1.0 12.00 74.00 86.00 NOTE
r-patched-linux-x86_64 0.1.0 4.53 47.52 52.05 NOTE
r-release-linux-x86_64 0.1.0 3.66 47.23 50.89 NOTE
r-release-macos-arm64 0.1.0 20.00 NOTE
r-release-macos-x86_64 0.1.0 44.00 NOTE
r-release-windows-x86_64 0.1.0 11.00 80.00 91.00 NOTE
r-oldrel-macos-arm64 0.1.0 27.00 NOTE
r-oldrel-macos-x86_64 0.1.0 39.00 NOTE
r-oldrel-windows-ix86+x86_64 0.1.0 13.00 69.00 82.00 NOTE

Check Details

Version: 0.1.0
Check: LazyData
Result: NOTE
     'LazyData' is specified without a 'data' directory
Flavors: r-devel-linux-x86_64-debian-clang, r-devel-linux-x86_64-debian-gcc, r-devel-linux-x86_64-fedora-clang, r-devel-linux-x86_64-fedora-gcc, r-devel-windows-x86_64, r-patched-linux-x86_64, r-release-linux-x86_64, r-release-macos-arm64, r-release-macos-x86_64, r-release-windows-x86_64, r-oldrel-macos-arm64, r-oldrel-macos-x86_64, r-oldrel-windows-ix86+x86_64