Last updated on 2023-12-03 11:50:54 CET.
Flavor | Version | Tinstall | Tcheck | Ttotal | Status | Flags |
---|---|---|---|---|---|---|
r-devel-linux-x86_64-debian-clang | 1.1.1 | 5.40 | 121.66 | 127.06 | NOTE | |
r-devel-linux-x86_64-debian-gcc | 1.1.1 | 4.02 | 84.83 | 88.85 | NOTE | |
r-devel-linux-x86_64-fedora-clang | 1.1.1 | 163.08 | NOTE | |||
r-devel-linux-x86_64-fedora-gcc | 1.1.1 | 173.97 | NOTE | |||
r-devel-windows-x86_64 | 1.1.1 | 6.00 | 126.00 | 132.00 | OK | |
r-patched-linux-x86_64 | 1.1.1 | 9.12 | 116.65 | 125.77 | OK | |
r-release-linux-x86_64 | 1.1.1 | 5.71 | 117.70 | 123.41 | OK | |
r-release-macos-arm64 | 1.1.1 | 56.00 | OK | |||
r-release-macos-x86_64 | 1.1.1 | 95.00 | OK | |||
r-release-windows-x86_64 | 1.1.1 | 9.00 | 146.00 | 155.00 | OK | |
r-oldrel-macos-arm64 | 1.1.1 | 42.00 | NOTE | |||
r-oldrel-macos-x86_64 | 1.1.1 | 59.00 | NOTE | |||
r-oldrel-windows-x86_64 | 1.1.1 | 8.00 | 148.00 | 156.00 | OK |
Version: 1.1.1
Check: Rd files
Result: NOTE
checkRd: (-1) mllogitnorm.Rd:45: Lost braces
45 | link[dlogitnorm]{dlogitnorm}for the normal density.
| ^
Flavors: r-devel-linux-x86_64-debian-clang, r-devel-linux-x86_64-debian-gcc
Version: 1.1.1
Check: dependencies in R code
Result: NOTE
Namespaces in Imports field not imported from:
‘extraDistr’ ‘logitnorm’ ‘nakagami’ ‘tibble’
All declared Imports should be used.
Flavors: r-devel-linux-x86_64-fedora-clang, r-devel-linux-x86_64-fedora-gcc, r-oldrel-macos-arm64, r-oldrel-macos-x86_64