Last updated on 2022-06-30 11:53:22 CEST.
Flavor | Version | Tinstall | Tcheck | Ttotal | Status | Flags |
---|---|---|---|---|---|---|
r-devel-linux-x86_64-debian-clang | 1.1.1 | 5.04 | 113.36 | 118.40 | OK | |
r-devel-linux-x86_64-debian-gcc | 1.1.1 | 2.87 | 77.47 | 80.34 | OK | |
r-devel-linux-x86_64-fedora-clang | 1.1.1 | 148.11 | NOTE | |||
r-devel-linux-x86_64-fedora-gcc | 1.1.1 | 151.43 | NOTE | |||
r-devel-windows-x86_64 | 1.1.1 | 86.00 | 169.00 | 255.00 | OK | |
r-patched-linux-x86_64 | 1.1.1 | 10.80 | 109.90 | 120.70 | OK | |
r-release-linux-x86_64 | 1.1.1 | 5.47 | 109.33 | 114.80 | OK | |
r-release-macos-arm64 | 1.1.1 | 42.00 | NOTE | |||
r-release-macos-x86_64 | 1.1.1 | 59.00 | NOTE | |||
r-release-windows-x86_64 | 1.1.1 | 60.00 | 157.00 | 217.00 | OK | |
r-oldrel-macos-arm64 | 1.1.1 | 36.00 | NOTE | |||
r-oldrel-macos-x86_64 | 1.1.1 | 58.00 | NOTE | |||
r-oldrel-windows-ix86+x86_64 | 1.1.1 | 11.00 | 158.00 | 169.00 | OK |
Version: 1.1.1
Check: dependencies in R code
Result: NOTE
Namespaces in Imports field not imported from:
‘extraDistr’ ‘logitnorm’ ‘nakagami’ ‘tibble’
All declared Imports should be used.
Flavors: r-devel-linux-x86_64-fedora-clang, r-devel-linux-x86_64-fedora-gcc, r-release-macos-arm64, r-release-macos-x86_64, r-oldrel-macos-arm64, r-oldrel-macos-x86_64