Last updated on 2024-04-23 10:54:21 CEST.
Flavor | Version | Tinstall | Tcheck | Ttotal | Status | Flags |
---|---|---|---|---|---|---|
r-devel-linux-x86_64-debian-clang | 0.4 | 4.98 | 44.01 | 48.99 | NOTE | |
r-devel-linux-x86_64-debian-gcc | 0.4 | 4.75 | 33.97 | 38.72 | NOTE | |
r-devel-linux-x86_64-fedora-clang | 0.4 | 65.41 | NOTE | |||
r-devel-linux-x86_64-fedora-gcc | 0.4 | 74.12 | NOTE | |||
r-prerel-macos-arm64 | 0.4 | 28.00 | NOTE | |||
r-prerel-windows-x86_64 | 0.4 | 6.00 | 61.00 | 67.00 | NOTE | |
r-patched-linux-x86_64 | 0.4 | 5.36 | 42.77 | 48.13 | NOTE | |
r-release-linux-x86_64 | 0.4 | 6.35 | 41.94 | 48.29 | NOTE | |
r-release-macos-arm64 | 0.4 | 32.00 | NOTE | |||
r-release-macos-x86_64 | 0.4 | 44.00 | NOTE | |||
r-release-windows-x86_64 | 0.4 | 7.00 | 63.00 | 70.00 | NOTE | |
r-oldrel-macos-arm64 | 0.4 | 23.00 | NOTE | |||
r-oldrel-windows-x86_64 | 0.4 | 9.00 | 66.00 | 75.00 | NOTE |
Version: 0.4
Check: Rd files
Result: NOTE
checkRd: (-1) simRedCard.Rd:22: Lost braces in \itemize; \value handles \item{}{} directly
checkRd: (-1) simRedCard.Rd:23: Lost braces in \itemize; \value handles \item{}{} directly
Flavors: r-devel-linux-x86_64-debian-clang, r-devel-linux-x86_64-debian-gcc, r-devel-linux-x86_64-fedora-clang, r-devel-linux-x86_64-fedora-gcc, r-prerel-macos-arm64, r-prerel-windows-x86_64, r-patched-linux-x86_64
Version: 0.4
Check: LazyData
Result: NOTE
'LazyData' is specified without a 'data' directory
Flavors: r-devel-linux-x86_64-debian-clang, r-devel-linux-x86_64-debian-gcc, r-devel-linux-x86_64-fedora-clang, r-devel-linux-x86_64-fedora-gcc, r-prerel-macos-arm64, r-prerel-windows-x86_64, r-patched-linux-x86_64, r-release-linux-x86_64, r-release-macos-arm64, r-release-macos-x86_64, r-release-windows-x86_64, r-oldrel-macos-arm64, r-oldrel-windows-x86_64